CRAN Package Check Results for Package rclipboard

Last updated on 2025-11-16 12:49:41 CET.

Flavor Version Tinstall Tcheck Ttotal Status Flags
r-devel-linux-x86_64-debian-clang 0.2.1 3.78 33.59 37.37 NOTE
r-devel-linux-x86_64-debian-gcc 0.2.1 2.45 26.73 29.18 NOTE
r-devel-linux-x86_64-fedora-clang 0.2.1 53.99 OK
r-devel-linux-x86_64-fedora-gcc 0.2.1 52.10 OK
r-devel-windows-x86_64 0.2.1 6.00 48.00 54.00 OK
r-patched-linux-x86_64 0.2.1 3.50 30.65 34.15 OK
r-release-linux-x86_64 0.2.1 3.58 31.08 34.66 OK
r-release-macos-arm64 0.2.1 3.00 28.00 31.00 OK
r-release-macos-x86_64 0.2.1 4.00 36.00 40.00 OK
r-release-windows-x86_64 0.2.1 5.00 48.00 53.00 OK
r-oldrel-macos-arm64 0.2.1 2.00 19.00 21.00 OK
r-oldrel-macos-x86_64 0.2.1 3.00 27.00 30.00 OK
r-oldrel-windows-x86_64 0.2.1 7.00 57.00 64.00 OK

Check Details

Version: 0.2.1
Check: CRAN incoming feasibility
Result: NOTE Maintainer: ‘Sebastien Bihorel <sb.pmlab@gmail.com>’ No Authors@R field in DESCRIPTION. Please add one, modifying Authors@R: person(given = "Sebastien", family = "Bihorel", role = c("aut", "cre"), email = "sb.pmlab@gmail.com") as necessary. Flavor: r-devel-linux-x86_64-debian-clang

Version: 0.2.1
Check: CRAN incoming feasibility
Result: NOTE Maintainer: ‘Sebastien Bihorel <sb.pmlab@gmail.com>’ No Authors@R field in DESCRIPTION. Please add one, modifying Authors@R: person(given = "Sebastien", family = "Bihorel", role = c("aut", "cre"), email = "sb.pmlab@gmail.com") as necessary. The BugReports field in DESCRIPTION has https://github.com/sbihorel/rclipboard/issues/ which should likely be https://github.com/sbihorel/rclipboard/issues/issues instead. Flavor: r-devel-linux-x86_64-debian-gcc