Last updated on 2024-06-27 10:49:40 CEST.
Flavor | Version | Tinstall | Tcheck | Ttotal | Status | Flags |
---|---|---|---|---|---|---|
r-devel-linux-x86_64-debian-clang | 0.1.1 | OK | ||||
r-devel-linux-x86_64-debian-gcc | 0.1.1 | 47.49 | 294.19 | 341.68 | OK | |
r-devel-linux-x86_64-fedora-clang | 0.1.1 | 595.21 | NOTE | |||
r-devel-linux-x86_64-fedora-gcc | 0.1.1 | 600.18 | NOTE | |||
r-devel-windows-x86_64 | 0.1.1 | 52.00 | 389.00 | 441.00 | OK | |
r-patched-linux-x86_64 | 0.1.1 | 64.70 | 391.62 | 456.32 | OK | |
r-release-linux-x86_64 | 0.1.1 | 42.52 | 388.94 | 431.46 | OK | |
r-release-macos-arm64 | 0.1.1 | 147.00 | NOTE | |||
r-release-macos-x86_64 | 0.1.1 | 260.00 | NOTE | |||
r-release-windows-x86_64 | 0.1.1 | 57.00 | 390.00 | 447.00 | OK | |
r-oldrel-macos-arm64 | 0.1.1 | 230.00 | NOTE | |||
r-oldrel-macos-x86_64 | 0.1.1 | 396.00 | NOTE | |||
r-oldrel-windows-x86_64 | 0.1.1 | 72.00 | 494.00 | 566.00 | OK |
Version: 0.1.1
Check: Rd cross-references
Result: NOTE
Undeclared packages ‘nominatimlite’, ‘lutz’ in Rd xrefs
Flavor: r-devel-linux-x86_64-fedora-clang
Version: 0.1.1
Check: data for non-ASCII characters
Result: NOTE
Note: found 1 marked UTF-8 string
Flavors: r-devel-linux-x86_64-fedora-clang, r-devel-linux-x86_64-fedora-gcc
Version: 0.1.1
Check: installed package size
Result: NOTE
installed size is 6.8Mb
sub-directories of 1Mb or more:
libs 4.9Mb
Flavors: r-release-macos-arm64, r-release-macos-x86_64, r-oldrel-macos-arm64, r-oldrel-macos-x86_64