Last updated on 2025-04-29 13:51:37 CEST.
Flavor | Version | Tinstall | Tcheck | Ttotal | Status | Flags |
---|---|---|---|---|---|---|
r-devel-linux-x86_64-debian-clang | 0.5 | 2.90 | 24.27 | 27.17 | NOTE | |
r-devel-linux-x86_64-debian-gcc | 0.5 | 2.15 | 18.52 | 20.67 | NOTE | |
r-devel-linux-x86_64-fedora-clang | 0.5 | 44.87 | OK | |||
r-devel-linux-x86_64-fedora-gcc | 0.5 | 39.37 | OK | |||
r-devel-windows-x86_64 | 0.5 | 4.00 | 45.00 | 49.00 | OK | |
r-patched-linux-x86_64 | 0.5 | 3.08 | 22.43 | 25.51 | OK | |
r-release-linux-x86_64 | 0.5 | 2.73 | 22.28 | 25.01 | OK | |
r-release-macos-arm64 | 0.5 | 16.00 | OK | |||
r-release-macos-x86_64 | 0.5 | 27.00 | OK | |||
r-release-windows-x86_64 | 0.5 | 4.00 | 50.00 | 54.00 | OK | |
r-oldrel-macos-arm64 | 0.5 | 15.00 | OK | |||
r-oldrel-macos-x86_64 | 0.5 | 22.00 | OK | |||
r-oldrel-windows-x86_64 | 0.5 | 3.00 | 47.00 | 50.00 | OK |
Version: 0.5
Check: CRAN incoming feasibility
Result: NOTE
Maintainer: ‘Wojciech Rosa <w.rosa@pollub.pl>’
No Authors@R field in DESCRIPTION.
Please add one, modifying
Authors@R: person(given = "Wojciech",
family = "Rosa",
role = c("aut", "cre"),
email = "w.rosa@pollub.pl")
as necessary.
Flavors: r-devel-linux-x86_64-debian-clang, r-devel-linux-x86_64-debian-gcc