CRAN Package Check Results for Package rdist

Last updated on 2025-04-30 01:50:33 CEST.

Flavor Version Tinstall Tcheck Ttotal Status Flags
r-devel-linux-x86_64-debian-clang 0.0.5 89.58 27.44 117.02 NOTE
r-devel-linux-x86_64-debian-gcc 0.0.5 62.28 20.94 83.22 NOTE
r-devel-linux-x86_64-fedora-clang 0.0.5 245.11 NOTE
r-devel-linux-x86_64-fedora-gcc 0.0.5 216.22 NOTE
r-devel-windows-x86_64 0.0.5 106.00 66.00 172.00 NOTE
r-patched-linux-x86_64 0.0.5 92.18 25.31 117.49 NOTE
r-release-linux-x86_64 0.0.5 85.45 25.25 110.70 NOTE
r-release-macos-arm64 0.0.5 46.00 NOTE
r-release-macos-x86_64 0.0.5 53.00 NOTE
r-release-windows-x86_64 0.0.5 104.00 71.00 175.00 NOTE
r-oldrel-macos-arm64 0.0.5 47.00 NOTE
r-oldrel-macos-x86_64 0.0.5 48.00 NOTE
r-oldrel-windows-x86_64 0.0.5 117.00 78.00 195.00 NOTE

Check Details

Version: 0.0.5
Check: Rd files
Result: NOTE checkRd: (-1) farthest_point_sampling.Rd:28: Lost braces; missing escapes or markup? 28 | space P = {p_1, ..., p_k}, such that each p_i is the farthest | ^ Flavors: r-devel-linux-x86_64-debian-clang, r-devel-linux-x86_64-debian-gcc, r-devel-linux-x86_64-fedora-clang, r-devel-linux-x86_64-fedora-gcc, r-devel-windows-x86_64, r-patched-linux-x86_64, r-release-linux-x86_64, r-release-macos-arm64, r-release-macos-x86_64, r-release-windows-x86_64, r-oldrel-macos-arm64, r-oldrel-macos-x86_64, r-oldrel-windows-x86_64

Version: 0.0.5
Check: LazyData
Result: NOTE 'LazyData' is specified without a 'data' directory Flavors: r-oldrel-macos-arm64, r-oldrel-macos-x86_64, r-oldrel-windows-x86_64