Last updated on 2025-04-30 13:54:27 CEST.
Flavor | Version | Tinstall | Tcheck | Ttotal | Status | Flags |
---|---|---|---|---|---|---|
r-devel-linux-x86_64-debian-clang | 1.0.0 | 3.83 | 40.28 | 44.11 | OK | |
r-devel-linux-x86_64-debian-gcc | 1.0.0 | 2.09 | 29.24 | 31.33 | OK | |
r-devel-linux-x86_64-fedora-clang | 1.0.0 | 69.20 | OK | |||
r-devel-linux-x86_64-fedora-gcc | 1.0.0 | 64.90 | OK | |||
r-devel-windows-x86_64 | 1.0.0 | 6.00 | 57.00 | 63.00 | OK | |
r-patched-linux-x86_64 | 1.0.0 | 3.95 | 37.77 | 41.72 | OK | |
r-release-linux-x86_64 | 1.0.0 | 4.03 | 37.45 | 41.48 | OK | |
r-release-macos-arm64 | 1.0.0 | 25.00 | OK | |||
r-release-macos-x86_64 | 1.0.0 | 41.00 | OK | |||
r-release-windows-x86_64 | 1.0.0 | 5.00 | 60.00 | 65.00 | OK | |
r-oldrel-macos-arm64 | 1.0.0 | 24.00 | NOTE | |||
r-oldrel-macos-x86_64 | 1.0.0 | 34.00 | NOTE | |||
r-oldrel-windows-x86_64 | 1.0.0 | 7.00 | 67.00 | 74.00 | NOTE |
Version: 1.0.0
Check: LazyData
Result: NOTE
'LazyData' is specified without a 'data' directory
Flavors: r-oldrel-macos-arm64, r-oldrel-macos-x86_64, r-oldrel-windows-x86_64