Last updated on 2025-11-16 00:48:43 CET.
| Flavor | Version | Tinstall | Tcheck | Ttotal | Status | Flags |
|---|---|---|---|---|---|---|
| r-devel-linux-x86_64-debian-clang | 2.0.4 | 9.88 | 35.27 | 45.15 | NOTE | |
| r-devel-linux-x86_64-debian-gcc | 2.0.4 | 7.85 | 29.34 | 37.19 | NOTE | |
| r-devel-linux-x86_64-fedora-clang | 2.0.4 | 19.00 | 59.21 | 78.21 | OK | |
| r-devel-linux-x86_64-fedora-gcc | 2.0.4 | 56.00 | 38.98 | 94.98 | OK | |
| r-devel-windows-x86_64 | 2.0.4 | 18.00 | 75.00 | 93.00 | OK | |
| r-patched-linux-x86_64 | 2.0.4 | 11.27 | 33.99 | 45.26 | OK | |
| r-release-linux-x86_64 | 2.0.4 | 10.80 | 34.49 | 45.29 | OK | |
| r-release-macos-arm64 | 2.0.4 | 7.00 | 53.00 | 60.00 | OK | |
| r-release-macos-x86_64 | 2.0.4 | 9.00 | 50.00 | 59.00 | OK | |
| r-release-windows-x86_64 | 2.0.4 | 15.00 | 76.00 | 91.00 | OK | |
| r-oldrel-macos-arm64 | 2.0.4 | 6.00 | 39.00 | 45.00 | OK | |
| r-oldrel-macos-x86_64 | 2.0.4 | 8.00 | 40.00 | 48.00 | OK | |
| r-oldrel-windows-x86_64 | 2.0.4 | 19.00 | 91.00 | 110.00 | OK |
Version: 2.0.4
Check: CRAN incoming feasibility
Result: NOTE
Maintainer: ‘Os Keyes <ironholds@gmail.com>’
No Authors@R field in DESCRIPTION.
Please add one, modifying
Authors@R: person(given = "Os",
family = "Keyes",
role = c("aut", "cre"),
email = "ironholds@gmail.com")
as necessary.
Flavors: r-devel-linux-x86_64-debian-clang, r-devel-linux-x86_64-debian-gcc