Last updated on 2024-07-18 06:57:33 CEST.
Flavor | Version | Tinstall | Tcheck | Ttotal | Status | Flags |
---|---|---|---|---|---|---|
r-devel-linux-x86_64-debian-clang | 1.0.17-18 | 13.62 | 89.31 | 102.93 | NOTE | |
r-devel-linux-x86_64-debian-gcc | 1.0.17-18 | 11.14 | 65.47 | 76.61 | NOTE | |
r-devel-linux-x86_64-fedora-clang | 1.0.17-18 | 137.38 | NOTE | |||
r-devel-linux-x86_64-fedora-gcc | 1.0.17-18 | 137.26 | NOTE | |||
r-devel-windows-x86_64 | 1.0.17-18 | 32.00 | 229.00 | 261.00 | NOTE | |
r-patched-linux-x86_64 | 1.0.17-18 | 17.07 | 84.68 | 101.75 | OK | |
r-release-linux-x86_64 | 1.0.17-18 | 15.67 | 84.27 | 99.94 | OK | |
r-release-macos-arm64 | 1.0.17-18 | 46.00 | OK | |||
r-release-macos-x86_64 | 1.0.17-18 | 75.00 | OK | |||
r-release-windows-x86_64 | 1.0.17-18 | 35.00 | 236.00 | 271.00 | NOTE | |
r-oldrel-macos-arm64 | 1.0.17-18 | 57.00 | OK | |||
r-oldrel-macos-x86_64 | 1.0.17-18 | 95.00 | OK | |||
r-oldrel-windows-x86_64 | 1.0.17-18 | 43.00 | 248.00 | 291.00 | NOTE |
Version: 1.0.17-18
Check: compiled code
Result: NOTE
File ‘redland/libs/redland.so’:
Found non-API call to R: ‘SET_S4_OBJECT’
Compiled code should not call non-API entry points in R.
See ‘Writing portable packages’ in the ‘Writing R Extensions’ manual,
and section ‘Moving into C API compliance’ for issues with the use of
non-API entry points.
Flavors: r-devel-linux-x86_64-debian-clang, r-devel-linux-x86_64-debian-gcc, r-devel-linux-x86_64-fedora-clang, r-devel-linux-x86_64-fedora-gcc
Version: 1.0.17-18
Check: installed package size
Result: NOTE
installed size is 12.7Mb
sub-directories of 1Mb or more:
libs 11.7Mb
Flavors: r-devel-windows-x86_64, r-release-windows-x86_64, r-oldrel-windows-x86_64
Version: 1.0.17-18
Check: compiled code
Result: NOTE
File 'redland/libs/x64/redland.dll':
Found non-API call to R: 'SET_S4_OBJECT'
Compiled code should not call non-API entry points in R.
See 'Writing portable packages' in the 'Writing R Extensions' manual,
and section 'Moving into C API compliance' for issues with the use of
non-API entry points.
Flavor: r-devel-windows-x86_64