CRAN Package Check Results for Package regioncode

Last updated on 2025-05-17 07:50:30 CEST.

Flavor Version Tinstall Tcheck Ttotal Status Flags
r-devel-linux-x86_64-debian-clang 0.1.2 5.38 43.38 48.76 NOTE
r-devel-linux-x86_64-debian-gcc 0.1.2 3.36 32.39 35.75 NOTE
r-devel-linux-x86_64-fedora-clang 0.1.2 79.62 NOTE
r-devel-linux-x86_64-fedora-gcc 0.1.2 91.09 NOTE
r-devel-windows-x86_64 0.1.2 7.00 61.00 68.00 NOTE
r-patched-linux-x86_64 0.1.2 5.24 41.37 46.61 NOTE
r-release-linux-x86_64 0.1.2 5.15 41.07 46.22 NOTE
r-release-macos-arm64 0.1.2 36.00 NOTE
r-release-macos-x86_64 0.1.2 55.00 NOTE
r-release-windows-x86_64 0.1.2 7.00 61.00 68.00 NOTE
r-oldrel-macos-arm64 0.1.2 32.00 OK
r-oldrel-macos-x86_64 0.1.2 47.00 OK
r-oldrel-windows-x86_64 0.1.2 10.00 68.00 78.00 OK

Check Details

Version: 0.1.2
Check: DESCRIPTION meta-information
Result: NOTE Missing dependency on R >= 4.1.0 because package code uses the pipe |> or function shorthand \(...) syntax added in R 4.1.0. File(s) using such syntax: ‘regioncode.R’ Flavors: r-devel-linux-x86_64-debian-clang, r-devel-linux-x86_64-debian-gcc, r-devel-linux-x86_64-fedora-clang, r-devel-linux-x86_64-fedora-gcc, r-devel-windows-x86_64, r-patched-linux-x86_64, r-release-linux-x86_64, r-release-macos-arm64, r-release-macos-x86_64, r-release-windows-x86_64