Last updated on 2025-11-16 00:48:43 CET.
| Flavor | Version | Tinstall | Tcheck | Ttotal | Status | Flags |
|---|---|---|---|---|---|---|
| r-devel-linux-x86_64-debian-clang | 1.0.4 | 84.30 | 261.00 | 345.30 | OK | |
| r-devel-linux-x86_64-debian-gcc | 1.0.4 | 61.76 | 190.36 | 252.12 | OK | |
| r-devel-linux-x86_64-fedora-clang | 1.0.4 | 78.00 | 493.91 | 571.91 | OK | |
| r-devel-linux-x86_64-fedora-gcc | 1.0.4 | 222.00 | 391.16 | 613.16 | OK | |
| r-devel-windows-x86_64 | 1.0.4 | 91.00 | 311.00 | 402.00 | OK | |
| r-patched-linux-x86_64 | 1.0.4 | 87.88 | 287.93 | 375.81 | OK | |
| r-release-linux-x86_64 | 1.0.4 | 86.34 | 287.33 | 373.67 | OK | |
| r-release-macos-arm64 | 1.0.4 | 35.00 | 166.00 | 201.00 | OK | |
| r-release-macos-x86_64 | 1.0.4 | 32.00 | 328.00 | 360.00 | OK | |
| r-release-windows-x86_64 | 1.0.4 | 84.00 | 302.00 | 386.00 | OK | |
| r-oldrel-macos-arm64 | 1.0.4 | 33.00 | 148.00 | 181.00 | NOTE | |
| r-oldrel-macos-x86_64 | 1.0.4 | 27.00 | 252.00 | 279.00 | NOTE | |
| r-oldrel-windows-x86_64 | 1.0.4 | 104.00 | 385.00 | 489.00 | OK |
Version: 1.0.4
Check: installed package size
Result: NOTE
installed size is 25.2Mb
sub-directories of 1Mb or more:
libs 23.8Mb
Flavors: r-oldrel-macos-arm64, r-oldrel-macos-x86_64