CRAN Package Check Results for Package repr

Last updated on 2025-11-16 00:48:43 CET.

Flavor Version Tinstall Tcheck Ttotal Status Flags
r-devel-linux-x86_64-debian-clang 1.1.7 4.07 45.42 49.49 OK
r-devel-linux-x86_64-debian-gcc 1.1.7 2.88 33.91 36.79 NOTE
r-devel-linux-x86_64-fedora-clang 1.1.7 24.00 55.20 79.20 OK
r-devel-linux-x86_64-fedora-gcc 1.1.7 11.00 163.38 174.38 OK
r-devel-windows-x86_64 1.1.7 7.00 67.00 74.00 OK
r-patched-linux-x86_64 1.1.7 4.33 42.46 46.79 OK
r-release-linux-x86_64 1.1.7 4.69 43.08 47.77 OK
r-release-macos-arm64 1.1.7 2.00 106.00 108.00 OK
r-release-macos-x86_64 1.1.7 4.00 214.00 218.00 OK
r-release-windows-x86_64 1.1.7 6.00 66.00 72.00 OK
r-oldrel-macos-arm64 1.1.7 2.00 51.00 53.00 OK
r-oldrel-macos-x86_64 1.1.7 3.00 112.00 115.00 OK
r-oldrel-windows-x86_64 1.1.7 7.00 77.00 84.00 OK

Check Details

Version: 1.1.7
Check: CRAN incoming feasibility
Result: NOTE Maintainer: ‘Philipp Angerer <phil.angerer@gmail.com>’ The BugReports field in DESCRIPTION has https://github.com/IRkernel/repr/issues/ which should likely be https://github.com/IRkernel/repr/issues/issues instead. Flavor: r-devel-linux-x86_64-debian-gcc