CRAN Package Check Results for Package requireR

Last updated on 2025-07-18 07:49:41 CEST.

Flavor Version Tinstall Tcheck Ttotal Status Flags
r-devel-linux-x86_64-debian-clang 1.0.0.1 1.58 20.29 21.87 OK
r-devel-linux-x86_64-debian-gcc 1.0.0.1 1.32 16.89 18.21 OK
r-devel-linux-x86_64-fedora-clang 1.0.0.1 35.34 OK
r-devel-linux-x86_64-fedora-gcc 1.0.0.1 47.21 OK
r-devel-windows-x86_64 1.0.0.1 4.00 43.00 47.00 OK
r-patched-linux-x86_64 1.0.0.1 1.55 19.15 20.70 OK
r-release-linux-x86_64 1.0.0.1 1.56 18.94 20.50 OK
r-release-macos-arm64 1.0.0.1 31.00 OK
r-release-macos-x86_64 1.0.0.1 37.00 OK
r-release-windows-x86_64 1.0.0.1 2.00 42.00 44.00 OK
r-oldrel-macos-arm64 1.0.0.1 19.00 NOTE
r-oldrel-macos-x86_64 1.0.0.1 30.00 NOTE
r-oldrel-windows-x86_64 1.0.0.1 2.00 46.00 48.00 NOTE

Check Details

Version: 1.0.0.1
Check: LazyData
Result: NOTE 'LazyData' is specified without a 'data' directory Flavors: r-oldrel-macos-arm64, r-oldrel-macos-x86_64, r-oldrel-windows-x86_64