CRAN Package Check Results for Package rexer

Last updated on 2025-11-16 12:49:42 CET.

Flavor Version Tinstall Tcheck Ttotal Status Flags
r-devel-linux-x86_64-debian-clang 1.0.0 2.47 40.88 43.35 NOTE
r-devel-linux-x86_64-debian-gcc 1.0.0 1.86 31.96 33.82 NOTE
r-devel-linux-x86_64-fedora-clang 1.0.0 63.48 NOTE
r-devel-linux-x86_64-fedora-gcc 1.0.0 75.02 NOTE
r-devel-windows-x86_64 1.0.0 8.00 59.00 67.00 NOTE
r-patched-linux-x86_64 1.0.0 1.80 37.76 39.56 NOTE
r-release-linux-x86_64 1.0.0 2.41 37.20 39.61 NOTE
r-release-macos-arm64 1.0.0 1.00 29.00 30.00 NOTE
r-release-macos-x86_64 1.0.0 2.00 49.00 51.00 OK
r-release-windows-x86_64 1.0.0 5.00 60.00 65.00 NOTE
r-oldrel-macos-arm64 1.0.0 1.00 27.00 28.00 OK
r-oldrel-macos-x86_64 1.0.0 2.00 38.00 40.00 OK
r-oldrel-windows-x86_64 1.0.0 5.00 67.00 72.00 OK

Check Details

Version: 1.0.0
Check: DESCRIPTION meta-information
Result: NOTE Missing dependency on R >= 4.1.0 because package code uses the pipe |> or function shorthand \(...) syntax added in R 4.1.0. File(s) using such syntax: ‘define_an_exercise.Rd’ ‘define_exercises.Rd’ ‘define_exercises_from_csv.Rd’ ‘define_exercises_from_excel.Rd’ Flavors: r-devel-linux-x86_64-debian-clang, r-devel-linux-x86_64-debian-gcc, r-devel-linux-x86_64-fedora-clang, r-devel-linux-x86_64-fedora-gcc, r-devel-windows-x86_64, r-patched-linux-x86_64, r-release-linux-x86_64, r-release-macos-arm64, r-release-windows-x86_64