CRAN Package Check Results for Package rhype

Last updated on 2025-05-17 07:50:30 CEST.

Flavor Version Tinstall Tcheck Ttotal Status Flags
r-devel-linux-x86_64-debian-clang 0.3.0 2.40 28.71 31.11 OK
r-devel-linux-x86_64-debian-gcc 0.3.0 2.23 22.25 24.48 OK
r-devel-linux-x86_64-fedora-clang 0.3.0 45.89 NOTE
r-devel-linux-x86_64-fedora-gcc 0.3.0 43.46 NOTE
r-devel-windows-x86_64 0.3.0 5.00 55.00 60.00 OK
r-patched-linux-x86_64 0.3.0 3.02 25.55 28.57 OK
r-release-linux-x86_64 0.3.0 3.28 25.74 29.02 OK
r-release-macos-arm64 0.3.0 21.00 OK
r-release-macos-x86_64 0.3.0 31.00 OK
r-release-windows-x86_64 0.3.0 5.00 58.00 63.00 OK
r-oldrel-macos-arm64 0.3.0 18.00 OK
r-oldrel-macos-x86_64 0.3.0 27.00 OK
r-oldrel-windows-x86_64 0.3.0 5.00 59.00 64.00 OK

Check Details

Version: 0.3.0
Check: dependencies in R code
Result: NOTE Namespace in Imports field not imported from: ‘R6’ All declared Imports should be used. Flavors: r-devel-linux-x86_64-fedora-clang, r-devel-linux-x86_64-fedora-gcc