Last updated on 2024-07-13 05:49:24 CEST.
Flavor | Version | Tinstall | Tcheck | Ttotal | Status | Flags |
---|---|---|---|---|---|---|
r-devel-linux-x86_64-debian-clang | 0.3.0 | 4.55 | 33.12 | 37.67 | OK | |
r-devel-linux-x86_64-debian-gcc | 0.3.0 | 2.44 | 26.19 | 28.63 | OK | |
r-devel-linux-x86_64-fedora-clang | 0.3.0 | 48.42 | NOTE | |||
r-devel-linux-x86_64-fedora-gcc | 0.3.0 | 43.61 | NOTE | |||
r-devel-windows-x86_64 | 0.3.0 | 5.00 | 52.00 | 57.00 | OK | |
r-patched-linux-x86_64 | 0.3.0 | 4.30 | 31.35 | 35.65 | OK | |
r-release-linux-x86_64 | 0.3.0 | 3.88 | 32.63 | 36.51 | OK | |
r-release-macos-arm64 | 0.3.0 | 18.00 | OK | |||
r-release-macos-x86_64 | 0.3.0 | 27.00 | OK | |||
r-release-windows-x86_64 | 0.3.0 | 4.00 | 53.00 | 57.00 | OK | |
r-oldrel-macos-arm64 | 0.3.0 | 19.00 | OK | |||
r-oldrel-macos-x86_64 | 0.3.0 | 28.00 | OK | |||
r-oldrel-windows-x86_64 | 0.3.0 | 5.00 | 56.00 | 61.00 | OK |
Version: 0.3.0
Check: dependencies in R code
Result: NOTE
Namespace in Imports field not imported from: ‘R6’
All declared Imports should be used.
Flavors: r-devel-linux-x86_64-fedora-clang, r-devel-linux-x86_64-fedora-gcc