Last updated on 2024-06-27 16:49:13 CEST.
Flavor | Version | Tinstall | Tcheck | Ttotal | Status | Flags |
---|---|---|---|---|---|---|
r-devel-linux-x86_64-debian-clang | 1.7.0 | NOTE | ||||
r-devel-linux-x86_64-debian-gcc | 1.7.0 | 124.45 | 29.85 | 154.30 | NOTE | |
r-devel-linux-x86_64-fedora-clang | 1.7.0 | 302.51 | NOTE | |||
r-devel-linux-x86_64-fedora-gcc | 1.7.0 | 334.87 | NOTE | |||
r-devel-windows-x86_64 | 1.7.0 | 176.00 | 83.00 | 259.00 | NOTE | |
r-patched-linux-x86_64 | 1.7.0 | 155.10 | 37.18 | 192.28 | OK | |
r-release-linux-x86_64 | 1.7.0 | 160.58 | 38.90 | 199.48 | OK | |
r-release-macos-arm64 | 1.7.0 | 60.00 | NOTE | |||
r-release-macos-x86_64 | 1.7.0 | 55.00 | NOTE | |||
r-release-windows-x86_64 | 1.7.0 | 177.00 | 90.00 | 267.00 | OK | |
r-oldrel-macos-arm64 | 1.7.0 | 73.00 | NOTE | |||
r-oldrel-macos-x86_64 | 1.7.0 | 85.00 | NOTE | |||
r-oldrel-windows-x86_64 | 1.7.0 | 169.00 | 99.00 | 268.00 | OK |
Version: 1.7.0
Check: compiled code
Result: NOTE
File ‘rlas/libs/rlas.so’:
Found non-API call to R: ‘STDVEC_DATAPTR’
Compiled code should not call non-API entry points in R.
See ‘Writing portable packages’ in the ‘Writing R Extensions’ manual.
Flavors: r-devel-linux-x86_64-debian-clang, r-devel-linux-x86_64-fedora-clang, r-devel-linux-x86_64-fedora-gcc
Version: 1.7.0
Check: compiled code
Result: NOTE
File ‘rlas/libs/rlas.so’:
Found non-API call to R: ‘STDVEC_DATAPTR’
Compiled code should not call non-API entry points in R.
See ‘Writing portable packages’ in the ‘Writing R Extensions’ manual.
See section ‘Moving into C API compliance’ in the ‘Writing R
Extensions’ manual for issues with use of non-API entry points.
Flavor: r-devel-linux-x86_64-debian-gcc
Version: 1.7.0
Check: compiled code
Result: NOTE
File 'rlas/libs/x64/rlas.dll':
Found non-API call to R: 'STDVEC_DATAPTR'
Compiled code should not call non-API entry points in R.
See 'Writing portable packages' in the 'Writing R Extensions' manual.
Flavor: r-devel-windows-x86_64
Version: 1.7.0
Check: installed package size
Result: NOTE
installed size is 9.8Mb
sub-directories of 1Mb or more:
libs 9.3Mb
Flavors: r-release-macos-arm64, r-release-macos-x86_64, r-oldrel-macos-arm64, r-oldrel-macos-x86_64