Last updated on 2025-11-16 00:48:43 CET.
| Flavor | Version | Tinstall | Tcheck | Ttotal | Status | Flags |
|---|---|---|---|---|---|---|
| r-devel-linux-x86_64-debian-clang | 0.5.0 | 7.07 | 38.34 | 45.41 | NOTE | |
| r-devel-linux-x86_64-debian-gcc | 0.5.0 | 4.50 | 31.24 | 35.74 | NOTE | |
| r-devel-linux-x86_64-fedora-clang | 0.5.0 | 16.00 | 53.01 | 69.01 | OK | |
| r-devel-linux-x86_64-fedora-gcc | 0.5.0 | 33.00 | 38.10 | 71.10 | OK | |
| r-devel-windows-x86_64 | 0.5.0 | 9.00 | 58.00 | 67.00 | NOTE | |
| r-patched-linux-x86_64 | 0.5.0 | 7.59 | 37.51 | 45.10 | NOTE | |
| r-release-linux-x86_64 | 0.5.0 | 6.71 | 37.77 | 44.48 | NOTE | |
| r-release-macos-arm64 | 0.5.0 | 4.00 | 22.00 | 26.00 | OK | |
| r-release-macos-x86_64 | 0.5.0 | 6.00 | 36.00 | 42.00 | OK | |
| r-release-windows-x86_64 | 0.5.0 | 9.00 | 59.00 | 68.00 | NOTE | |
| r-oldrel-macos-arm64 | 0.5.0 | 3.00 | 22.00 | 25.00 | OK | |
| r-oldrel-macos-x86_64 | 0.5.0 | 5.00 | 30.00 | 35.00 | OK | |
| r-oldrel-windows-x86_64 | 0.5.0 | 12.00 | 68.00 | 80.00 | OK |
Version: 0.5.0
Check: Rd cross-references
Result: NOTE
Found the following Rd file(s) with Rd \link{} targets missing package
anchors:
chartEvent.Rd: App
Please provide package anchors for all Rd \link{} targets not in the
package itself and the base packages.
Flavors: r-devel-linux-x86_64-debian-clang, r-devel-linux-x86_64-debian-gcc, r-devel-windows-x86_64, r-patched-linux-x86_64, r-release-linux-x86_64, r-release-windows-x86_64