Last updated on 2025-11-16 00:48:43 CET.
| Flavor | Version | Tinstall | Tcheck | Ttotal | Status | Flags |
|---|---|---|---|---|---|---|
| r-devel-linux-x86_64-debian-clang | 0.5 | 33.24 | 96.78 | 130.02 | NOTE | |
| r-devel-linux-x86_64-debian-gcc | 0.5 | 23.90 | 69.86 | 93.76 | NOTE | |
| r-devel-linux-x86_64-fedora-clang | 0.5 | 72.00 | 142.18 | 214.18 | OK | |
| r-devel-linux-x86_64-fedora-gcc | 0.5 | 65.00 | 137.32 | 202.32 | OK | |
| r-devel-windows-x86_64 | 0.5 | 44.00 | 116.00 | 160.00 | OK | |
| r-patched-linux-x86_64 | 0.5 | 35.23 | 94.33 | 129.56 | OK | |
| r-release-linux-x86_64 | 0.5 | 33.55 | 92.37 | 125.92 | OK | |
| r-release-macos-arm64 | 0.5 | 13.00 | 43.00 | 56.00 | OK | |
| r-release-macos-x86_64 | 0.5 | 20.00 | 89.00 | 109.00 | OK | |
| r-release-windows-x86_64 | 0.5 | 40.00 | 115.00 | 155.00 | OK | |
| r-oldrel-macos-arm64 | 0.5 | 13.00 | 37.00 | 50.00 | OK | |
| r-oldrel-macos-x86_64 | 0.5 | 15.00 | 68.00 | 83.00 | OK | |
| r-oldrel-windows-x86_64 | 0.5 | 51.00 | 145.00 | 196.00 | OK |
Version: 0.5
Check: CRAN incoming feasibility
Result: NOTE
Maintainer: ‘Yusuf Bilgic <bilgic@geneseo.edu>’
No Authors@R field in DESCRIPTION.
Please add one, modifying
Authors@R: c(person(given = "Yusuf",
family = "Bilgic",
role = c("aut", "cre"),
email = "bilgic@geneseo.edu"),
person(given = "Herb",
family = "Susmann",
role = "aut"),
person(given = "Joseph",
family = "McKean",
role = "aut"))
as necessary.
Flavors: r-devel-linux-x86_64-debian-clang, r-devel-linux-x86_64-debian-gcc