CRAN Package Check Results for Package rmarchingcubes

Last updated on 2025-07-17 19:51:50 CEST.

Flavor Version Tinstall Tcheck Ttotal Status Flags
r-devel-linux-x86_64-debian-clang 0.1.3 25.94 44.05 69.99 NOTE
r-devel-linux-x86_64-debian-gcc 0.1.3 16.85 32.11 48.96 NOTE
r-devel-linux-x86_64-fedora-clang 0.1.3 122.01 NOTE
r-devel-linux-x86_64-fedora-gcc 0.1.3 117.81 NOTE
r-devel-windows-x86_64 0.1.3 32.00 78.00 110.00 NOTE
r-patched-linux-x86_64 0.1.3 23.48 41.45 64.93 NOTE
r-release-linux-x86_64 0.1.3 21.95 40.89 62.84 NOTE
r-release-macos-arm64 0.1.3 48.00 NOTE
r-release-macos-x86_64 0.1.3 68.00 NOTE
r-release-windows-x86_64 0.1.3 31.00 79.00 110.00 NOTE
r-oldrel-macos-arm64 0.1.3 39.00 NOTE
r-oldrel-macos-x86_64 0.1.3 51.00 NOTE
r-oldrel-windows-x86_64 0.1.3 38.00 93.00 131.00 NOTE

Check Details

Version: 0.1.3
Check: CRAN incoming feasibility
Result: NOTE Maintainer: ‘S. H. Wilks <sw463@cam.ac.uk>’ No Authors@R field in DESCRIPTION. Please add one, modifying Authors@R: c(person(given = c("S.", "H."), family = "Wilks", role = c("aut", "cre"), email = "sw463@cam.ac.uk"), person(given = "Thomas", family = "Lewiner", role = "aut", email = "lewiner@gmail.com")) as necessary. Flavors: r-devel-linux-x86_64-debian-clang, r-devel-linux-x86_64-debian-gcc

Version: 0.1.3
Check: C++ specification
Result: NOTE Specified C++11: please drop specification unless essential Flavors: r-devel-linux-x86_64-debian-clang, r-devel-linux-x86_64-debian-gcc, r-devel-linux-x86_64-fedora-clang, r-devel-linux-x86_64-fedora-gcc, r-devel-windows-x86_64, r-patched-linux-x86_64, r-release-linux-x86_64, r-release-macos-arm64, r-release-macos-x86_64, r-release-windows-x86_64, r-oldrel-macos-arm64, r-oldrel-macos-x86_64, r-oldrel-windows-x86_64