Last updated on 2025-11-16 06:49:52 CET.
| Flavor | Version | Tinstall | Tcheck | Ttotal | Status | Flags |
|---|---|---|---|---|---|---|
| r-devel-linux-x86_64-debian-clang | 0.5.8 | 1.41 | 35.11 | 36.52 | NOTE | |
| r-devel-linux-x86_64-debian-gcc | 0.5.8 | 1.51 | 29.15 | 30.66 | NOTE | |
| r-devel-linux-x86_64-fedora-clang | 0.5.8 | 12.00 | 43.74 | 55.74 | NOTE | |
| r-devel-linux-x86_64-fedora-gcc | 0.5.8 | 64.05 | NOTE | |||
| r-devel-windows-x86_64 | 0.5.8 | 4.00 | 49.00 | 53.00 | NOTE | |
| r-patched-linux-x86_64 | 0.5.8 | 1.88 | 32.57 | 34.45 | NOTE | |
| r-release-linux-x86_64 | 0.5.8 | 1.84 | 32.40 | 34.24 | NOTE | |
| r-release-macos-arm64 | 0.5.8 | 1.00 | 32.00 | 33.00 | NOTE | |
| r-release-macos-x86_64 | 0.5.8 | 2.00 | 52.00 | 54.00 | NOTE | |
| r-release-windows-x86_64 | 0.5.8 | 4.00 | 52.00 | 56.00 | NOTE | |
| r-oldrel-macos-arm64 | 0.5.8 | 1.00 | 23.00 | 24.00 | NOTE | |
| r-oldrel-macos-x86_64 | 0.5.8 | 2.00 | 37.00 | 39.00 | NOTE | |
| r-oldrel-windows-x86_64 | 0.5.8 | 4.00 | 57.00 | 61.00 | NOTE |
Version: 0.5.8
Check: package subdirectories
Result: NOTE
Problems with news in ‘NEWS.md’:
No news entries found.
Flavors: r-devel-linux-x86_64-debian-clang, r-devel-linux-x86_64-debian-gcc, r-devel-linux-x86_64-fedora-clang, r-devel-linux-x86_64-fedora-gcc, r-devel-windows-x86_64, r-patched-linux-x86_64, r-release-linux-x86_64, r-release-macos-arm64, r-release-macos-x86_64, r-release-windows-x86_64, r-oldrel-macos-arm64, r-oldrel-macos-x86_64, r-oldrel-windows-x86_64
Version: 0.5.8
Check: LazyData
Result: NOTE
'LazyData' is specified without a 'data' directory
Flavors: r-oldrel-macos-arm64, r-oldrel-macos-x86_64, r-oldrel-windows-x86_64