Last updated on 2025-05-17 07:50:31 CEST.
Flavor | Version | Tinstall | Tcheck | Ttotal | Status | Flags |
---|---|---|---|---|---|---|
r-devel-linux-x86_64-debian-clang | 1.0.0.1 | 4.86 | 41.56 | 46.42 | OK | |
r-devel-linux-x86_64-debian-gcc | 1.0.0.1 | 4.02 | 29.90 | 33.92 | OK | |
r-devel-linux-x86_64-fedora-clang | 1.0.0.1 | 73.12 | OK | |||
r-devel-linux-x86_64-fedora-gcc | 1.0.0.1 | 81.17 | OK | |||
r-devel-windows-x86_64 | 1.0.0.1 | 8.00 | 58.00 | 66.00 | OK | |
r-patched-linux-x86_64 | 1.0.0.1 | 4.55 | 38.34 | 42.89 | OK | |
r-release-linux-x86_64 | 1.0.0.1 | 4.34 | 38.07 | 42.41 | OK | |
r-release-macos-arm64 | 1.0.0.1 | 31.00 | OK | |||
r-release-macos-x86_64 | 1.0.0.1 | 127.00 | OK | |||
r-release-windows-x86_64 | 1.0.0.1 | 6.00 | 60.00 | 66.00 | OK | |
r-oldrel-macos-arm64 | 1.0.0.1 | 31.00 | NOTE | |||
r-oldrel-macos-x86_64 | 1.0.0.1 | 83.00 | NOTE | |||
r-oldrel-windows-x86_64 | 1.0.0.1 | 7.00 | 68.00 | 75.00 | NOTE |
Version: 1.0.0.1
Check: LazyData
Result: NOTE
'LazyData' is specified without a 'data' directory
Flavors: r-oldrel-macos-arm64, r-oldrel-macos-x86_64, r-oldrel-windows-x86_64