Last updated on 2025-11-16 12:49:42 CET.
| Flavor | Version | Tinstall | Tcheck | Ttotal | Status | Flags |
|---|---|---|---|---|---|---|
| r-devel-linux-x86_64-debian-clang | 0.7.3 | 5.05 | 49.43 | 54.48 | OK | |
| r-devel-linux-x86_64-debian-gcc | 0.7.3 | 3.70 | 38.49 | 42.19 | NOTE | |
| r-devel-linux-x86_64-fedora-clang | 0.7.3 | 12.00 | 71.75 | 83.75 | OK | |
| r-devel-linux-x86_64-fedora-gcc | 0.7.3 | 18.00 | 81.05 | 99.05 | OK | |
| r-devel-windows-x86_64 | 0.7.3 | 10.00 | 62.00 | 72.00 | OK | |
| r-patched-linux-x86_64 | 0.7.3 | 5.32 | 46.23 | 51.55 | OK | |
| r-release-linux-x86_64 | 0.7.3 | 5.07 | 46.24 | 51.31 | OK | |
| r-release-macos-arm64 | 0.7.3 | 3.00 | 31.00 | 34.00 | OK | |
| r-release-macos-x86_64 | 0.7.3 | 5.00 | 57.00 | 62.00 | OK | |
| r-release-windows-x86_64 | 0.7.3 | 8.00 | 66.00 | 74.00 | OK | |
| r-oldrel-macos-arm64 | 0.7.3 | 3.00 | 31.00 | 34.00 | OK | |
| r-oldrel-macos-x86_64 | 0.7.3 | 4.00 | 49.00 | 53.00 | OK | |
| r-oldrel-windows-x86_64 | 0.7.3 | 12.00 | 75.00 | 87.00 | OK |
Version: 0.7.3
Check: CRAN incoming feasibility
Result: NOTE
Maintainer: ‘Najko Jahn <najko.jahn@gmail.com>’
The BugReports field in DESCRIPTION has
https://github.com/ropensci/roadoi/issues/
which should likely be
https://github.com/ropensci/roadoi/issues/issues
instead.
Flavor: r-devel-linux-x86_64-debian-gcc