CRAN Package Check Results for Package robustfa

Last updated on 2025-11-16 18:49:42 CET.

Flavor Version Tinstall Tcheck Ttotal Status Flags
r-devel-linux-x86_64-debian-clang 1.2-0 6.20 78.53 84.73 OK
r-devel-linux-x86_64-debian-gcc 1.2-0 4.35 61.69 66.04 NOTE
r-devel-linux-x86_64-fedora-clang 1.2-0 26.00 102.98 128.98 OK
r-devel-linux-x86_64-fedora-gcc 1.2-0 24.00 120.87 144.87 OK
r-devel-windows-x86_64 1.2-0 10.00 117.00 127.00 OK
r-patched-linux-x86_64 1.2-0 7.06 75.55 82.61 OK
r-release-linux-x86_64 1.2-0 5.10 76.26 81.36 OK
r-release-macos-arm64 1.2-0 3.00 49.00 52.00 OK
r-release-macos-x86_64 1.2-0 5.00 90.00 95.00 OK
r-release-windows-x86_64 1.2-0 8.00 115.00 123.00 OK
r-oldrel-macos-arm64 1.2-0 3.00 55.00 58.00 OK
r-oldrel-macos-x86_64 1.2-0 5.00 139.00 144.00 OK
r-oldrel-windows-x86_64 1.2-0 10.00 133.00 143.00 OK

Check Details

Version: 1.2-0
Check: CRAN incoming feasibility
Result: NOTE Maintainer: ‘Frederic Bertrand <frederic.bertrand@lecnam.net>’ The BugReports field in DESCRIPTION has https://github.com/fbertran/robustfa/issues/ which should likely be https://github.com/fbertran/robustfa/issues/issues instead. Flavor: r-devel-linux-x86_64-debian-gcc