Last updated on 2025-04-29 13:51:38 CEST.
Flavor | Version | Tinstall | Tcheck | Ttotal | Status | Flags |
---|---|---|---|---|---|---|
r-devel-linux-x86_64-debian-clang | 0.1.0 | 6.88 | 69.39 | 76.27 | NOTE | |
r-devel-linux-x86_64-debian-gcc | 0.1.0 | 5.43 | 51.35 | 56.78 | NOTE | |
r-devel-linux-x86_64-fedora-clang | 0.1.0 | 121.59 | OK | |||
r-devel-linux-x86_64-fedora-gcc | 0.1.0 | 115.84 | OK | |||
r-devel-windows-x86_64 | 0.1.0 | 8.00 | 78.00 | 86.00 | OK | |
r-patched-linux-x86_64 | 0.1.0 | 7.92 | 67.52 | 75.44 | OK | |
r-release-linux-x86_64 | 0.1.0 | 7.33 | 66.12 | 73.45 | OK | |
r-release-macos-arm64 | 0.1.0 | 43.00 | OK | |||
r-release-macos-x86_64 | 0.1.0 | 90.00 | OK | |||
r-release-windows-x86_64 | 0.1.0 | 9.00 | 80.00 | 89.00 | OK | |
r-oldrel-macos-arm64 | 0.1.0 | 36.00 | OK | |||
r-oldrel-macos-x86_64 | 0.1.0 | 67.00 | OK | |||
r-oldrel-windows-x86_64 | 0.1.0 | 10.00 | 96.00 | 106.00 | OK |
Version: 0.1.0
Check: CRAN incoming feasibility
Result: NOTE
Maintainer: ‘Jiyoun Myung <jiyoun@ufl.edu>’
No Authors@R field in DESCRIPTION.
Please add one, modifying
Authors@R: c(person(given = "Malay",
family = "Ghosh",
role = "aut"),
person(given = "Jiyoun",
family = "Myung",
role = c("aut", "cre"),
email = "jiyoun@ufl.edu"),
person(given = "Fernando",
family = "Moura",
role = "aut"))
as necessary.
Found the following \keyword or \concept entries
which likely give several index terms:
File ‘robustsae.Rd’:
\keyword{Hierarchical Bayes, Full Bayesian Analysi [TRUNCATED]
Flavors: r-devel-linux-x86_64-debian-clang, r-devel-linux-x86_64-debian-gcc
Version: 0.1.0
Check: examples
Result: NOTE
Examples with CPU (user + system) or elapsed time > 5s
user system elapsed
robustsae 8.544 0.623 10.983
Flavor: r-devel-linux-x86_64-debian-clang
Version: 0.1.0
Check: examples
Result: NOTE
Examples with CPU (user + system) or elapsed time > 5s
user system elapsed
robustsae 5.344 0.476 7.395
Flavor: r-devel-linux-x86_64-debian-gcc