Last updated on 2025-10-24 18:50:06 CEST.
| Flavor | Version | Tinstall | Tcheck | Ttotal | Status | Flags |
|---|---|---|---|---|---|---|
| r-devel-linux-x86_64-debian-clang | 1.0.0 | 2.28 | 29.77 | 32.05 | OK | |
| r-devel-linux-x86_64-debian-gcc | 1.0.0 | 1.89 | 23.10 | 24.99 | OK | |
| r-devel-linux-x86_64-fedora-clang | 1.0.0 | 46.27 | NOTE | |||
| r-devel-linux-x86_64-fedora-gcc | 1.0.0 | 12.00 | 33.78 | 45.78 | NOTE | |
| r-devel-windows-x86_64 | 1.0.0 | 4.00 | 54.00 | 58.00 | OK | |
| r-patched-linux-x86_64 | 1.0.0 | 2.83 | 27.79 | 30.62 | OK | |
| r-release-linux-x86_64 | 1.0.0 | 2.24 | 28.11 | 30.35 | OK | |
| r-release-macos-arm64 | 1.0.0 | 3.00 | 35.00 | 38.00 | OK | |
| r-release-macos-x86_64 | 1.0.0 | 2.00 | 30.00 | 32.00 | OK | |
| r-release-windows-x86_64 | 1.0.0 | 6.00 | 58.00 | 64.00 | OK | |
| r-oldrel-macos-arm64 | 1.0.0 | 1.00 | 17.00 | 18.00 | NOTE | |
| r-oldrel-macos-x86_64 | 1.0.0 | 2.00 | 25.00 | 27.00 | NOTE | |
| r-oldrel-windows-x86_64 | 1.0.0 | 6.00 | 63.00 | 69.00 | NOTE |
Version: 1.0.0
Check: dependencies in R code
Result: NOTE
Namespace in Imports field not imported from: ‘progress’
All declared Imports should be used.
Flavors: r-devel-linux-x86_64-fedora-clang, r-devel-linux-x86_64-fedora-gcc
Version: 1.0.0
Check: LazyData
Result: NOTE
'LazyData' is specified without a 'data' directory
Flavors: r-oldrel-macos-arm64, r-oldrel-macos-x86_64, r-oldrel-windows-x86_64