Last updated on 2024-07-13 11:49:26 CEST.
Flavor | Version | Tinstall | Tcheck | Ttotal | Status | Flags |
---|---|---|---|---|---|---|
r-devel-linux-x86_64-debian-clang | 0.8.2 | 4.34 | 135.97 | 140.31 | OK | |
r-devel-linux-x86_64-debian-gcc | 0.8.2 | 5.42 | 87.27 | 92.69 | OK | |
r-devel-linux-x86_64-fedora-clang | 0.8.2 | 138.94 | OK | |||
r-devel-linux-x86_64-fedora-gcc | 0.8.2 | 100.61 | OK | |||
r-devel-windows-x86_64 | 0.8.2 | 9.00 | 194.00 | 203.00 | OK | |
r-patched-linux-x86_64 | 0.8.2 | 6.33 | 119.46 | 125.79 | OK | |
r-release-linux-x86_64 | 0.8.1 | 5.74 | 122.27 | 128.01 | OK | |
r-release-macos-arm64 | 0.8.2 | 73.00 | OK | |||
r-release-macos-x86_64 | 0.8.2 | 146.00 | OK | |||
r-release-windows-x86_64 | 0.8.2 | 11.00 | 189.00 | 200.00 | OK | |
r-oldrel-macos-arm64 | 0.8.2 | 86.00 | ERROR | |||
r-oldrel-macos-x86_64 | 0.8.2 | 136.00 | ERROR | |||
r-oldrel-windows-x86_64 | 0.8.2 | 9.00 | 177.00 | 186.00 | OK |
Version: 0.8.2
Check: running R code from vignettes
Result: ERROR
Errors in running code in vignettes:
when running code in ‘rodeoVignette.Rmd’
...
Warning in file(con, "r") :
cannot open file 'xecute.r': No such file or directory
Quitting from lines 815-816 [unnamed-chunk-40] (rodeoVignette.Rmd)
When tangling ‘rodeoVignette.Rmd’:
Error: cannot open the connection
Execution halted
‘rodeoVignette.Rmd’ using ‘UTF-8’... failed
Flavors: r-oldrel-macos-arm64, r-oldrel-macos-x86_64