Last updated on 2024-06-27 16:49:14 CEST.
Flavor | Version | Tinstall | Tcheck | Ttotal | Status | Flags |
---|---|---|---|---|---|---|
r-devel-linux-x86_64-debian-clang | 7.3.1 | NOTE | ||||
r-devel-linux-x86_64-debian-gcc | 7.3.1 | 18.99 | 115.80 | 134.79 | NOTE | |
r-devel-linux-x86_64-fedora-clang | 7.3.1 | 234.87 | NOTE | |||
r-devel-linux-x86_64-fedora-gcc | 7.3.1 | 234.64 | NOTE | |||
r-devel-windows-x86_64 | 7.3.1 | 26.00 | 136.00 | 162.00 | NOTE | |
r-patched-linux-x86_64 | 7.3.1 | 25.42 | 148.14 | 173.56 | OK | |
r-release-linux-x86_64 | 7.3.1 | 22.50 | 149.13 | 171.63 | OK | |
r-release-macos-arm64 | 7.3.1 | 67.00 | OK | |||
r-release-macos-x86_64 | 7.3.1 | 108.00 | OK | |||
r-release-windows-x86_64 | 7.3.1 | 25.00 | 142.00 | 167.00 | OK | |
r-oldrel-macos-arm64 | 7.3.1 | 68.00 | OK | |||
r-oldrel-macos-x86_64 | 7.3.1 | 122.00 | OK | |||
r-oldrel-windows-x86_64 | 7.3.1 | 31.00 | 160.00 | 191.00 | OK |
Version: 7.3.1
Check: compiled code
Result: NOTE
File ‘roxygen2/libs/roxygen2.so’:
Found non-API calls to R: ‘SETLENGTH’, ‘SET_GROWABLE_BIT’,
‘SET_TRUELENGTH’
Compiled code should not call non-API entry points in R.
See ‘Writing portable packages’ in the ‘Writing R Extensions’ manual.
Flavors: r-devel-linux-x86_64-debian-clang, r-devel-linux-x86_64-fedora-clang, r-devel-linux-x86_64-fedora-gcc
Version: 7.3.1
Check: compiled code
Result: NOTE
File ‘roxygen2/libs/roxygen2.so’:
Found non-API calls to R: ‘SETLENGTH’, ‘SET_GROWABLE_BIT’,
‘SET_TRUELENGTH’
Compiled code should not call non-API entry points in R.
See ‘Writing portable packages’ in the ‘Writing R Extensions’ manual.
See section ‘Moving into C API compliance’ in the ‘Writing R
Extensions’ manual for issues with use of non-API entry points.
Flavor: r-devel-linux-x86_64-debian-gcc
Version: 7.3.1
Check: compiled code
Result: NOTE
File 'roxygen2/libs/x64/roxygen2.dll':
Found non-API calls to R: 'SETLENGTH', 'SET_GROWABLE_BIT',
'SET_TRUELENGTH'
Compiled code should not call non-API entry points in R.
See 'Writing portable packages' in the 'Writing R Extensions' manual.
Flavor: r-devel-windows-x86_64