Last updated on 2025-04-29 13:51:38 CEST.
Flavor | Version | Tinstall | Tcheck | Ttotal | Status | Flags |
---|---|---|---|---|---|---|
r-devel-linux-x86_64-debian-clang | 1.0-2 | 2.11 | 28.97 | 31.08 | NOTE | |
r-devel-linux-x86_64-debian-gcc | 1.0-2 | 1.72 | 21.02 | 22.74 | NOTE | |
r-devel-linux-x86_64-fedora-clang | 1.0-2 | 48.41 | OK | |||
r-devel-linux-x86_64-fedora-gcc | 1.0-2 | 46.45 | OK | |||
r-devel-windows-x86_64 | 1.0-2 | 3.00 | 48.00 | 51.00 | OK | |
r-patched-linux-x86_64 | 1.0-2 | 2.27 | 26.95 | 29.22 | OK | |
r-release-linux-x86_64 | 1.0-2 | 2.16 | 27.06 | 29.22 | OK | |
r-release-macos-arm64 | 1.0-2 | 19.00 | OK | |||
r-release-macos-x86_64 | 1.0-2 | 34.00 | OK | |||
r-release-windows-x86_64 | 1.0-2 | 3.00 | 49.00 | 52.00 | OK | |
r-oldrel-macos-arm64 | 1.0-2 | 17.00 | OK | |||
r-oldrel-macos-x86_64 | 1.0-2 | 25.00 | OK | |||
r-oldrel-windows-x86_64 | 1.0-2 | 4.00 | 53.00 | 57.00 | OK |
Version: 1.0-2
Check: CRAN incoming feasibility
Result: NOTE
Maintainer: ‘Giuliano Galimberti <giuliano.galimberti@unibo.it>’
No Authors@R field in DESCRIPTION.
Please add one, modifying
Authors@R: c(person(given = "Giuliano",
family = "Galimberti",
role = c("aut", "cre"),
email = "giuliano.galimberti@unibo.it"),
person(given = "Gabriele",
family = "Soffritti",
role = "aut"),
person(given = c("Matteo", "Di"),
family = "Maso",
role = "aut"))
as necessary.
Package CITATION file contains call(s) to old-style personList() or
as.personList(). Please use c() on person objects instead.
Package CITATION file contains call(s) to old-style citEntry(). Please
use bibentry() instead.
Flavors: r-devel-linux-x86_64-debian-clang, r-devel-linux-x86_64-debian-gcc
Version: 1.0-2
Check: examples
Result: NOTE
Examples with CPU (user + system) or elapsed time > 5s
user system elapsed
rpartScore 3.965 0.056 5.385
Flavor: r-devel-linux-x86_64-debian-clang