CRAN Package Check Results for Package rqti

Last updated on 2025-10-01 21:50:26 CEST.

Flavor Version Tinstall Tcheck Ttotal Status Flags
r-devel-linux-x86_64-debian-clang 1.0.0 12.88 124.12 137.00 OK
r-devel-linux-x86_64-debian-gcc 1.0.0 9.80 86.39 96.19 ERROR
r-devel-linux-x86_64-fedora-clang 1.0.0 210.22 OK
r-devel-linux-x86_64-fedora-gcc 1.0.0 196.83 OK
r-devel-windows-x86_64 1.0.0 20.00 164.00 184.00 OK
r-patched-linux-x86_64 1.0.0 15.48 118.37 133.85 OK
r-release-linux-x86_64 1.0.0 13.14 118.35 131.49 OK
r-release-macos-arm64 1.0.0 57.00 OK
r-release-macos-x86_64 1.0.0 127.00 OK
r-release-windows-x86_64 1.0.0 19.00 163.00 182.00 OK
r-oldrel-macos-arm64 1.0.0 71.00 OK
r-oldrel-macos-x86_64 1.0.0 132.00 OK
r-oldrel-windows-x86_64 1.0.0 26.00 190.00 216.00 OK

Check Details

Version: 1.0.0
Check: tests
Result: ERROR Running ‘testthat.R’ [24s/37s] Running the tests in ‘tests/testthat.R’ failed. Complete output: > # This file is part of the standard setup for testthat. > # It is recommended that you do not modify it. > # > # Where should you do additional test configuration? > # Learn more about the roles of various files in: > # * https://r-pkgs.org/tests.html > # * https://testthat.r-lib.org/reference/test_package.html#special-files > > library(testthat) > library(rqti) > > test_check("rqti") [WARNING] Deprecated: --no-highlight. Use --syntax-highlighting=none instead. [WARNING] Deprecated: --no-highlight. Use --syntax-highlighting=none instead. [WARNING] Deprecated: --no-highlight. Use --syntax-highlighting=none instead. [WARNING] Deprecated: --no-highlight. Use --syntax-highlighting=none instead. [WARNING] Deprecated: --no-highlight. Use --syntax-highlighting=none instead. [WARNING] Deprecated: --no-highlight. Use --syntax-highlighting=none instead. [WARNING] Deprecated: --no-highlight. Use --syntax-highlighting=none instead. [WARNING] Deprecated: --no-highlight. Use --syntax-highlighting=none instead. [WARNING] Deprecated: --no-highlight. Use --syntax-highlighting=none instead. [WARNING] Deprecated: --no-highlight. Use --syntax-highlighting=none instead. [WARNING] Deprecated: --no-highlight. Use --syntax-highlighting=none instead. [WARNING] Deprecated: --no-highlight. Use --syntax-highlighting=none instead. [WARNING] Deprecated: --no-highlight. Use --syntax-highlighting=none instead. [WARNING] Deprecated: --no-highlight. Use --syntax-highlighting=none instead. [WARNING] Deprecated: --no-highlight. Use --syntax-highlighting=none instead. [WARNING] Deprecated: --no-highlight. Use --syntax-highlighting=none instead. [WARNING] Deprecated: --no-highlight. Use --syntax-highlighting=none instead. [WARNING] Deprecated: --no-highlight. Use --syntax-highlighting=none instead. [WARNING] Deprecated: --no-highlight. Use --syntax-highlighting=none instead. [WARNING] Deprecated: --no-highlight. Use --syntax-highlighting=none instead. [WARNING] Deprecated: --no-highlight. Use --syntax-highlighting=none instead. [WARNING] Deprecated: --no-highlight. Use --syntax-highlighting=none instead. [WARNING] Deprecated: --no-highlight. Use --syntax-highlighting=none instead. [WARNING] Deprecated: --no-highlight. Use --syntax-highlighting=none instead. [WARNING] Deprecated: --no-highlight. Use --syntax-highlighting=none instead. [WARNING] Deprecated: --no-highlight. Use --syntax-highlighting=none instead. [WARNING] Deprecated: --no-highlight. Use --syntax-highlighting=none instead. [WARNING] Deprecated: --no-highlight. Use --syntax-highlighting=none instead. [WARNING] Deprecated: --no-highlight. Use --syntax-highlighting=none instead. [WARNING] Deprecated: --no-highlight. Use --syntax-highlighting=none instead. [WARNING] Deprecated: --no-highlight. Use --syntax-highlighting=none instead. [WARNING] Deprecated: --no-highlight. Use --syntax-highlighting=none instead. [WARNING] Deprecated: --no-highlight. Use --syntax-highlighting=none instead. [WARNING] Deprecated: --no-highlight. Use --syntax-highlighting=none instead. [WARNING] Deprecated: --no-highlight. Use --syntax-highlighting=none instead. [WARNING] Deprecated: --no-highlight. Use --syntax-highlighting=none instead. [WARNING] Deprecated: --no-highlight. Use --syntax-highlighting=none instead. [WARNING] Deprecated: --no-highlight. Use --syntax-highlighting=none instead. [WARNING] Deprecated: --no-highlight. Use --syntax-highlighting=none instead. [WARNING] Deprecated: --no-highlight. Use --syntax-highlighting=none instead. [WARNING] Deprecated: --no-highlight. Use --syntax-highlighting=none instead. [WARNING] Deprecated: --no-highlight. Use --syntax-highlighting=none instead. [WARNING] Deprecated: --no-highlight. Use --syntax-highlighting=none instead. [WARNING] Deprecated: --no-highlight. Use --syntax-highlighting=none instead. [WARNING] Deprecated: --no-highlight. Use --syntax-highlighting=none instead. [WARNING] Deprecated: --no-highlight. Use --syntax-highlighting=none instead. [WARNING] Deprecated: --no-highlight. Use --syntax-highlighting=none instead. [WARNING] Deprecated: --no-highlight. Use --syntax-highlighting=none instead. [WARNING] Deprecated: --no-highlight. Use --syntax-highlighting=none instead. [WARNING] Deprecated: --no-highlight. Use --syntax-highlighting=none instead. [WARNING] Deprecated: --no-highlight. Use --syntax-highlighting=none instead. [WARNING] Deprecated: --no-highlight. Use --syntax-highlighting=none instead. [WARNING] Deprecated: --no-highlight. Use --syntax-highlighting=none instead. [WARNING] Deprecated: --no-highlight. Use --syntax-highlighting=none instead. [WARNING] Deprecated: --no-highlight. Use --syntax-highlighting=none instead. [WARNING] Deprecated: --no-highlight. Use --syntax-highlighting=none instead. [WARNING] Deprecated: --no-highlight. Use --syntax-highlighting=none instead. [WARNING] Deprecated: --no-highlight. Use --syntax-highlighting=none instead. [WARNING] Deprecated: --no-highlight. Use --syntax-highlighting=none instead. [WARNING] Deprecated: --no-highlight. Use --syntax-highlighting=none instead. [WARNING] Deprecated: --no-highlight. Use --syntax-highlighting=none instead. [WARNING] Deprecated: --no-highlight. Use --syntax-highlighting=none instead. [WARNING] Deprecated: --no-highlight. Use --syntax-highlighting=none instead. [WARNING] Deprecated: --no-highlight. Use --syntax-highlighting=none instead. [WARNING] Deprecated: --no-highlight. Use --syntax-highlighting=none instead. [WARNING] Deprecated: --no-highlight. Use --syntax-highlighting=none instead. [WARNING] Deprecated: --no-highlight. Use --syntax-highlighting=none instead. [WARNING] Deprecated: --no-highlight. Use --syntax-highlighting=none instead. [WARNING] Deprecated: --no-highlight. Use --syntax-highlighting=none instead. [WARNING] Deprecated: --no-highlight. Use --syntax-highlighting=none instead. [WARNING] Deprecated: --no-highlight. Use --syntax-highlighting=none instead. [WARNING] Deprecated: --no-highlight. Use --syntax-highlighting=none instead. [WARNING] Deprecated: --no-highlight. Use --syntax-highlighting=none instead. [WARNING] Deprecated: --no-highlight. Use --syntax-highlighting=none instead. [WARNING] Deprecated: --no-highlight. Use --syntax-highlighting=none instead. [WARNING] Deprecated: --no-highlight. Use --syntax-highlighting=none instead. [WARNING] Deprecated: --no-highlight. Use --syntax-highlighting=none instead. [WARNING] Deprecated: --no-highlight. Use --syntax-highlighting=none instead. [WARNING] Deprecated: --no-highlight. Use --syntax-highlighting=none instead. [WARNING] Deprecated: --no-highlight. Use --syntax-highlighting=none instead. [WARNING] Deprecated: --no-highlight. Use --syntax-highlighting=none instead. [WARNING] Deprecated: --no-highlight. Use --syntax-highlighting=none instead. [WARNING] Deprecated: --no-highlight. Use --syntax-highlighting=none instead. [WARNING] Deprecated: --no-highlight. Use --syntax-highlighting=none instead. [WARNING] Deprecated: --no-highlight. Use --syntax-highlighting=none instead. [WARNING] Deprecated: --no-highlight. Use --syntax-highlighting=none instead. [WARNING] Deprecated: --no-highlight. Use --syntax-highlighting=none instead. [WARNING] Deprecated: --no-highlight. Use --syntax-highlighting=none instead. [WARNING] Deprecated: --no-highlight. Use --syntax-highlighting=none instead. [WARNING] Deprecated: --no-highlight. Use --syntax-highlighting=none instead. [WARNING] Deprecated: --no-highlight. Use --syntax-highlighting=none instead. [WARNING] Deprecated: --no-highlight. Use --syntax-highlighting=none instead. [WARNING] Deprecated: --no-highlight. Use --syntax-highlighting=none instead. [WARNING] Deprecated: --no-highlight. Use --syntax-highlighting=none instead. [WARNING] Deprecated: --no-highlight. Use --syntax-highlighting=none instead. [WARNING] Deprecated: --no-highlight. Use --syntax-highlighting=none instead. [WARNING] Deprecated: --no-highlight. Use --syntax-highlighting=none instead. [WARNING] Deprecated: --no-highlight. Use --syntax-highlighting=none instead. [WARNING] Deprecated: --no-highlight. Use --syntax-highlighting=none instead. [WARNING] Deprecated: --no-highlight. Use --syntax-highlighting=none instead. [WARNING] Deprecated: --no-highlight. Use --syntax-highlighting=none instead. [WARNING] Deprecated: --no-highlight. Use --syntax-highlighting=none instead. [WARNING] Deprecated: --no-highlight. Use --syntax-highlighting=none instead. [WARNING] Deprecated: --no-highlight. Use --syntax-highlighting=none instead. [WARNING] Deprecated: --no-highlight. Use --syntax-highlighting=none instead. [WARNING] Deprecated: --no-highlight. Use --syntax-highlighting=none instead. [WARNING] Deprecated: --no-highlight. Use --syntax-highlighting=none instead. [WARNING] Deprecated: --no-highlight. Use --syntax-highlighting=none instead. [WARNING] Deprecated: --no-highlight. Use --syntax-highlighting=none instead. [WARNING] Deprecated: --no-highlight. Use --syntax-highlighting=none instead. [WARNING] Deprecated: --no-highlight. Use --syntax-highlighting=none instead. [WARNING] Deprecated: --no-highlight. Use --syntax-highlighting=none instead. [WARNING] Deprecated: --no-highlight. Use --syntax-highlighting=none instead. [WARNING] Deprecated: --no-highlight. Use --syntax-highlighting=none instead. [WARNING] Deprecated: --no-highlight. Use --syntax-highlighting=none instead. [ FAIL 1 | WARN 0 | SKIP 1 | PASS 239 ] ══ Skipped tests (1) ═══════════════════════════════════════════════════════════ • On CRAN (1): 'test-api_lms.R:1:1' ══ Failed tests ════════════════════════════════════════════════════════════════ ── Error ('test-assessment_test.R:704:15'): Test assessmentTest function that return an object of class AssessmentTest ── Error: Items of section id:permanent_section_36 contain non-unique values: id_task_8136, id_task_8136 Backtrace: ▆ 1. └─rqti::section(c(sc, es), title = "Section with nonrandomized tasks") at test-assessment_test.R:704:15 2. └─methods::new(...) 3. ├─methods::initialize(value, ...) 4. └─rqti (local) initialize(value, ...) [ FAIL 1 | WARN 0 | SKIP 1 | PASS 239 ] Error: Test failures Execution halted Flavor: r-devel-linux-x86_64-debian-gcc