CRAN Package Check Results for Package rreg

Last updated on 2025-05-18 14:49:25 CEST.

Flavor Version Tinstall Tcheck Ttotal Status Flags
r-devel-linux-x86_64-debian-clang 0.2.1 4.67 54.65 59.32 NOTE
r-devel-linux-x86_64-debian-gcc 0.2.1 3.50 37.60 41.10 NOTE
r-devel-linux-x86_64-fedora-clang 0.2.1 93.08 NOTE
r-devel-linux-x86_64-fedora-gcc 0.2.1 94.39 NOTE
r-devel-windows-x86_64 0.2.1 8.00 69.00 77.00 NOTE
r-patched-linux-x86_64 0.2.1 4.64 51.27 55.91 NOTE
r-release-linux-x86_64 0.2.1 4.79 50.05 54.84 NOTE
r-release-macos-arm64 0.2.1 25.00 NOTE
r-release-macos-x86_64 0.2.1 46.00 NOTE
r-release-windows-x86_64 0.2.1 7.00 75.00 82.00 NOTE
r-oldrel-macos-arm64 0.2.1 28.00 NOTE
r-oldrel-macos-x86_64 0.2.1 40.00 NOTE
r-oldrel-windows-x86_64 0.2.1 8.00 81.00 89.00 NOTE

Check Details

Version: 0.2.1
Check: Rd files
Result: NOTE checkRd: (-1) regrad.Rd:46: Lost braces; missing escapes or markup? 46 | \item \code{x-axis} {1st column: The names of the different institutions} | ^ checkRd: (-1) regrad.Rd:47: Lost braces; missing escapes or markup? 47 | \item \code{y-axis} {2nd column: The value to show completeness} | ^ Flavors: r-devel-linux-x86_64-debian-clang, r-devel-linux-x86_64-debian-gcc, r-devel-linux-x86_64-fedora-clang, r-devel-linux-x86_64-fedora-gcc, r-devel-windows-x86_64, r-patched-linux-x86_64, r-release-linux-x86_64, r-release-macos-arm64, r-release-macos-x86_64, r-release-windows-x86_64, r-oldrel-macos-arm64, r-oldrel-macos-x86_64, r-oldrel-windows-x86_64