CRAN Package Check Results for Package rsdepth

Last updated on 2025-04-29 13:51:39 CEST.

Flavor Version Tinstall Tcheck Ttotal Status Flags
r-devel-linux-x86_64-debian-clang 0.1-22 6.89 20.52 27.41 NOTE
r-devel-linux-x86_64-debian-gcc 0.1-22 4.21 16.85 21.06 NOTE
r-devel-linux-x86_64-fedora-clang 0.1-22 49.00 NOTE
r-devel-linux-x86_64-fedora-gcc 0.1-22 40.92 NOTE
r-devel-windows-x86_64 0.1-22 10.00 54.00 64.00 OK
r-patched-linux-x86_64 0.1-22 6.25 19.53 25.78 OK
r-release-linux-x86_64 0.1-22 5.72 19.66 25.38 OK
r-release-macos-arm64 0.1-22 18.00 OK
r-release-macos-x86_64 0.1-22 29.00 OK
r-release-windows-x86_64 0.1-22 10.00 55.00 65.00 OK
r-oldrel-macos-arm64 0.1-22 18.00 OK
r-oldrel-macos-x86_64 0.1-22 35.00 OK
r-oldrel-windows-x86_64 0.1-22 10.00 54.00 64.00 OK

Check Details

Version: 0.1-22
Check: CRAN incoming feasibility
Result: NOTE Maintainer: ‘Mudassir Shabbir <mudassir.shabbir@gmail.com>’ No Authors@R field in DESCRIPTION. Please add one, modifying Authors@R: c(person(given = "Mudassir", family = "Shabbir", role = c("aut", "cre"), email = "mudassir.shabbir@gmail.com"), person(given = "Nabil", family = "Mustafa", role = "aut"), person(given = "Saurabh", family = "Ray", role = "aut")) as necessary. Flavors: r-devel-linux-x86_64-debian-clang, r-devel-linux-x86_64-debian-gcc

Version: 0.1-22
Check: compiled code
Result: NOTE File ‘rsdepth/libs/rsdepth.so’: Found no calls to: ‘R_registerRoutines’, ‘R_useDynamicSymbols’ It is good practice to register native routines and to disable symbol search. See ‘Writing portable packages’ in the ‘Writing R Extensions’ manual. Flavors: r-devel-linux-x86_64-fedora-clang, r-devel-linux-x86_64-fedora-gcc