Last updated on 2025-04-30 07:55:20 CEST.
Flavor | Version | Tinstall | Tcheck | Ttotal | Status | Flags |
---|---|---|---|---|---|---|
r-devel-linux-x86_64-debian-clang | 2.32.7 | 188.54 | 181.99 | 370.53 | OK | |
r-devel-linux-x86_64-debian-gcc | 2.32.7 | 154.08 | 144.13 | 298.21 | OK | |
r-devel-linux-x86_64-fedora-clang | 2.32.7 | 641.52 | OK | |||
r-devel-linux-x86_64-fedora-gcc | 2.32.7 | 1446.39 | OK | |||
r-devel-windows-x86_64 | 2.32.7 | 230.00 | 225.00 | 455.00 | OK | |
r-patched-linux-x86_64 | 2.32.7 | 216.36 | 192.93 | 409.29 | OK | |
r-release-linux-x86_64 | 2.32.7 | 209.60 | 192.38 | 401.98 | OK | |
r-release-macos-arm64 | 2.32.7 | 299.00 | OK | |||
r-release-macos-x86_64 | 2.32.7 | 979.00 | OK | |||
r-release-windows-x86_64 | 2.32.7 | 235.00 | 213.00 | 448.00 | OK | |
r-oldrel-macos-arm64 | 2.32.7 | 223.00 | NOTE | |||
r-oldrel-macos-x86_64 | 2.32.7 | 395.00 | NOTE | |||
r-oldrel-windows-x86_64 | 2.32.7 | 249.00 | 260.00 | 509.00 | NOTE |
Version: 2.32.7
Check: installed package size
Result: NOTE
installed size is 49.5Mb
sub-directories of 1Mb or more:
exec 1.7Mb
lib 34.2Mb
libs 11.7Mb
Flavors: r-oldrel-macos-arm64, r-oldrel-macos-x86_64, r-oldrel-windows-x86_64
Version: 2.32.7
Check: for GNU extensions in Makefiles
Result: NOTE
GNU make is a SystemRequirements.
Flavors: r-oldrel-macos-arm64, r-oldrel-macos-x86_64, r-oldrel-windows-x86_64