Last updated on 2025-11-16 18:49:43 CET.
| Flavor | Version | Tinstall | Tcheck | Ttotal | Status | Flags |
|---|---|---|---|---|---|---|
| r-devel-linux-x86_64-debian-clang | 9.3.21 | 309.44 | 34.49 | 343.93 | OK | |
| r-devel-linux-x86_64-debian-gcc | 9.3.21 | 272.91 | 28.18 | 301.09 | OK | |
| r-devel-linux-x86_64-fedora-clang | 9.3.21 | 660.00 | -110.33 | 549.67 | OK | |
| r-devel-linux-x86_64-fedora-gcc | 9.3.21 | 1260.00 | -594.11 | 665.89 | OK | |
| r-devel-windows-x86_64 | 9.3.21 | 2153.00 | 68.00 | 2221.00 | OK | |
| r-patched-linux-x86_64 | 9.3.21 | 313.37 | 33.35 | 346.72 | OK | |
| r-release-linux-x86_64 | 9.3.21 | 309.30 | 33.28 | 342.58 | OK | |
| r-release-macos-arm64 | 9.3.21 | 245.00 | 31.00 | 276.00 | OK | |
| r-release-macos-x86_64 | 9.3.21 | 469.00 | 70.00 | 539.00 | OK | |
| r-release-windows-x86_64 | 9.3.21 | 1068.00 | 72.00 | 1140.00 | OK | |
| r-oldrel-macos-arm64 | 9.3.21 | 212.00 | 33.00 | 245.00 | NOTE | |
| r-oldrel-macos-x86_64 | 9.3.21 | 271.00 | 53.00 | 324.00 | NOTE | |
| r-oldrel-windows-x86_64 | 9.3.21 | 1193.00 | 82.00 | 1275.00 | NOTE |
Version: 9.3.21
Check: installed package size
Result: NOTE
installed size is 26.7Mb
sub-directories of 1Mb or more:
swipl 26.2Mb
Flavors: r-oldrel-macos-arm64, r-oldrel-macos-x86_64, r-oldrel-windows-x86_64
Version: 9.3.21
Check: for GNU extensions in Makefiles
Result: NOTE
GNU make is a SystemRequirements.
Flavors: r-oldrel-macos-arm64, r-oldrel-macos-x86_64, r-oldrel-windows-x86_64