Last updated on 2024-07-13 11:49:26 CEST.
Flavor | Version | Tinstall | Tcheck | Ttotal | Status | Flags |
---|---|---|---|---|---|---|
r-devel-linux-x86_64-debian-clang | 9.3.7.2 | 399.90 | 40.37 | 440.27 | NOTE | |
r-devel-linux-x86_64-debian-gcc | 9.3.7.2 | 331.13 | 30.81 | 361.94 | NOTE | |
r-devel-linux-x86_64-fedora-clang | 9.3.7.2 | 445.11 | NOTE | |||
r-devel-linux-x86_64-fedora-gcc | 9.3.7.2 | 383.60 | NOTE | |||
r-devel-windows-x86_64 | 9.3.7.2 | 756.00 | 76.00 | 832.00 | NOTE | |
r-patched-linux-x86_64 | 9.3.7.2 | 373.11 | 37.58 | 410.69 | NOTE | |
r-release-linux-x86_64 | 9.3.5.1 | 297.72 | 40.26 | 337.98 | NOTE | |
r-release-macos-arm64 | 9.3.7.2 | 290.00 | NOTE | |||
r-release-macos-x86_64 | 9.3.7.2 | 430.00 | NOTE | |||
r-release-windows-x86_64 | 9.3.7.2 | 771.00 | 75.00 | 846.00 | NOTE | |
r-oldrel-macos-arm64 | 9.3.7.2 | 287.00 | NOTE | |||
r-oldrel-macos-x86_64 | 9.3.7.2 | 428.00 | NOTE | |||
r-oldrel-windows-x86_64 | 9.3.7.2 | 1000.00 | 79.00 | 1079.00 | NOTE |
Version: 9.3.7.2
Check: for GNU extensions in Makefiles
Result: NOTE
GNU make is a SystemRequirements.
Flavors: r-devel-linux-x86_64-debian-clang, r-devel-linux-x86_64-debian-gcc, r-devel-linux-x86_64-fedora-clang, r-devel-linux-x86_64-fedora-gcc, r-devel-windows-x86_64, r-patched-linux-x86_64, r-release-macos-arm64, r-release-macos-x86_64, r-release-windows-x86_64, r-oldrel-macos-arm64, r-oldrel-macos-x86_64, r-oldrel-windows-x86_64
Version: 9.3.7.2
Check: installed package size
Result: NOTE
installed size is 17.7Mb
sub-directories of 1Mb or more:
swipl 17.3Mb
Flavors: r-devel-linux-x86_64-fedora-clang, r-devel-windows-x86_64, r-release-macos-arm64, r-release-macos-x86_64, r-release-windows-x86_64, r-oldrel-macos-arm64, r-oldrel-macos-x86_64, r-oldrel-windows-x86_64
Version: 9.3.5.1
Check: for GNU extensions in Makefiles
Result: NOTE
GNU make is a SystemRequirements.
Flavor: r-release-linux-x86_64