CRAN Package Check Results for Package rtape

Last updated on 2025-04-29 13:51:39 CEST.

Flavor Version Tinstall Tcheck Ttotal Status Flags
r-devel-linux-x86_64-debian-clang 2.2 1.48 16.88 18.36 NOTE
r-devel-linux-x86_64-debian-gcc 2.2 1.30 13.60 14.90 NOTE
r-devel-linux-x86_64-fedora-clang 2.2 29.89 OK
r-devel-linux-x86_64-fedora-gcc 2.2 28.59 OK
r-devel-windows-x86_64 2.2 2.00 36.00 38.00 OK
r-patched-linux-x86_64 2.2 1.71 16.37 18.08 OK
r-release-linux-x86_64 2.2 1.63 16.24 17.87 OK
r-release-macos-arm64 2.2 14.00 OK
r-release-macos-x86_64 2.2 21.00 OK
r-release-windows-x86_64 2.2 3.00 39.00 42.00 OK
r-oldrel-macos-arm64 2.2 14.00 OK
r-oldrel-macos-x86_64 2.2 18.00 OK
r-oldrel-windows-x86_64 2.2 3.00 35.00 38.00 OK

Check Details

Version: 2.2
Check: CRAN incoming feasibility
Result: NOTE Maintainer: ‘Miron B. Kursa <M.Kursa@icm.edu.pl>’ No Authors@R field in DESCRIPTION. Please add one, modifying Authors@R: person(given = c("Miron", "B."), family = "Kursa", role = c("aut", "cre"), email = "m.kursa@icm.edu.pl") as necessary. Flavors: r-devel-linux-x86_64-debian-clang, r-devel-linux-x86_64-debian-gcc