CRAN Package Check Results for Package rtist

Last updated on 2025-04-29 13:51:39 CEST.

Flavor Version Tinstall Tcheck Ttotal Status Flags
r-devel-linux-x86_64-debian-clang 1.0.0 1.65 17.27 18.92 NOTE
r-devel-linux-x86_64-debian-gcc 1.0.0 1.25 14.58 15.83 NOTE
r-devel-linux-x86_64-fedora-clang 1.0.0 29.09 OK
r-devel-linux-x86_64-fedora-gcc 1.0.0 26.89 OK
r-devel-windows-x86_64 1.0.0 2.00 36.00 38.00 OK
r-patched-linux-x86_64 1.0.0 1.57 15.63 17.20 OK
r-release-linux-x86_64 1.0.0 1.54 15.79 17.33 OK
r-release-macos-arm64 1.0.0 15.00 OK
r-release-macos-x86_64 1.0.0 30.00 OK
r-release-windows-x86_64 1.0.0 4.00 38.00 42.00 OK
r-oldrel-macos-arm64 1.0.0 13.00 OK
r-oldrel-macos-x86_64 1.0.0 21.00 OK
r-oldrel-windows-x86_64 1.0.0 3.00 35.00 38.00 OK

Check Details

Version: 1.0.0
Check: CRAN incoming feasibility
Result: NOTE Maintainer: ‘Tomas Okal <tomas.okal@gmail.com>’ No Authors@R field in DESCRIPTION. Please add one, modifying Authors@R: person(given = "Tomas", family = "Okal", role = c("aut", "cre"), email = "tomas.okal@gmail.com") as necessary. Flavors: r-devel-linux-x86_64-debian-clang, r-devel-linux-x86_64-debian-gcc