Last updated on 2025-11-16 00:48:44 CET.
| Flavor | Version | Tinstall | Tcheck | Ttotal | Status | Flags |
|---|---|---|---|---|---|---|
| r-devel-linux-x86_64-debian-clang | 1.1.0 | 2.39 | 37.51 | 39.90 | OK | |
| r-devel-linux-x86_64-debian-gcc | 1.1.0 | 1.81 | 29.75 | 31.56 | OK | |
| r-devel-linux-x86_64-fedora-clang | 1.1.0 | 59.74 | NOTE | |||
| r-devel-linux-x86_64-fedora-gcc | 1.1.0 | 76.38 | NOTE | |||
| r-devel-windows-x86_64 | 1.1.0 | 7.00 | 58.00 | 65.00 | OK | |
| r-patched-linux-x86_64 | 1.1.0 | 2.85 | 34.51 | 37.36 | OK | |
| r-release-linux-x86_64 | 1.1.0 | 2.40 | 34.78 | 37.18 | OK | |
| r-release-macos-arm64 | 1.1.0 | 1.00 | 29.00 | 30.00 | OK | |
| r-release-macos-x86_64 | 1.1.0 | 2.00 | 51.00 | 53.00 | OK | |
| r-release-windows-x86_64 | 1.1.0 | 5.00 | 59.00 | 64.00 | OK | |
| r-oldrel-macos-arm64 | 1.1.0 | 1.00 | 30.00 | 31.00 | OK | |
| r-oldrel-macos-x86_64 | 1.1.0 | 2.00 | 87.00 | 89.00 | OK | |
| r-oldrel-windows-x86_64 | 1.1.0 | 6.00 | 66.00 | 72.00 | OK |
Version: 1.1.0
Check: dependencies in R code
Result: NOTE
Namespace in Imports field not imported from: ‘curl’
All declared Imports should be used.
Flavors: r-devel-linux-x86_64-fedora-clang, r-devel-linux-x86_64-fedora-gcc