Last updated on 2025-10-24 05:50:55 CEST.
| Flavor | Version | Tinstall | Tcheck | Ttotal | Status | Flags |
|---|---|---|---|---|---|---|
| r-devel-linux-x86_64-debian-clang | 1.4.2 | 3.62 | 72.66 | 76.28 | NOTE | |
| r-devel-linux-x86_64-debian-gcc | 1.4.2 | 2.77 | 49.16 | 51.93 | NOTE | |
| r-devel-linux-x86_64-fedora-clang | 1.4.2 | 120.60 | OK | |||
| r-devel-linux-x86_64-fedora-gcc | 1.4.2 | 133.15 | OK | |||
| r-devel-windows-x86_64 | 1.4.2 | 4.00 | 87.00 | 91.00 | OK | |
| r-patched-linux-x86_64 | 1.4.2 | 3.89 | 70.14 | 74.03 | OK | |
| r-release-linux-x86_64 | 1.4.2 | 3.52 | 68.94 | 72.46 | OK | |
| r-release-macos-arm64 | 1.4.2 | 2.00 | 50.00 | 52.00 | OK | |
| r-release-macos-x86_64 | 1.4.2 | 3.00 | 82.00 | 85.00 | OK | |
| r-release-windows-x86_64 | 1.4.2 | 4.00 | 89.00 | 93.00 | OK | |
| r-oldrel-macos-arm64 | 1.4.2 | 2.00 | 41.00 | 43.00 | OK | |
| r-oldrel-macos-x86_64 | 1.4.2 | 3.00 | 59.00 | 62.00 | OK | |
| r-oldrel-windows-x86_64 | 1.4.2 | 6.00 | 108.00 | 114.00 | OK |
Version: 1.4.2
Check: CRAN incoming feasibility
Result: NOTE
Maintainer: ‘Alun Thomas <Alun.Thomas@utah.edu>’
No Authors@R field in DESCRIPTION.
Please add one, modifying
Authors@R: person(given = "Alun",
family = "Thomas",
role = c("aut", "cre"),
email = "alun.thomas@utah.edu")
as necessary.
Flavors: r-devel-linux-x86_64-debian-clang, r-devel-linux-x86_64-debian-gcc