Last updated on 2024-06-27 16:49:14 CEST.
Flavor | Version | Tinstall | Tcheck | Ttotal | Status | Flags |
---|---|---|---|---|---|---|
r-devel-linux-x86_64-debian-clang | 0.4.1 | NOTE | ||||
r-devel-linux-x86_64-debian-gcc | 0.4.1 | 4.85 | 59.10 | 63.95 | NOTE | |
r-devel-linux-x86_64-fedora-clang | 0.4.1 | 112.16 | NOTE | |||
r-devel-linux-x86_64-fedora-gcc | 0.4.1 | 117.99 | NOTE | |||
r-devel-windows-x86_64 | 0.4.1 | 6.00 | 75.00 | 81.00 | NOTE | |
r-patched-linux-x86_64 | 0.4.1 | 7.48 | 75.85 | 83.33 | NOTE | |
r-release-linux-x86_64 | 0.4.1 | 5.93 | 74.20 | 80.13 | NOTE | |
r-release-macos-arm64 | 0.4.1 | 33.00 | NOTE | |||
r-release-macos-x86_64 | 0.4.1 | 51.00 | NOTE | |||
r-release-windows-x86_64 | 0.4.1 | 6.00 | 76.00 | 82.00 | NOTE | |
r-oldrel-macos-arm64 | 0.4.1 | 33.00 | OK | |||
r-oldrel-macos-x86_64 | 0.4.1 | 52.00 | OK | |||
r-oldrel-windows-x86_64 | 0.4.1 | 7.00 | 87.00 | 94.00 | OK |
Version: 0.4.1
Check: Rd files
Result: NOTE
checkRd: (-1) HardThresh.Rd:15: Lost braces; missing escapes or markup?
15 | \code{x} filtered result (y 1_{|y|>t}).
| ^
checkRd: (-1) SoftThresh.Rd:15: Lost braces; missing escapes or markup?
15 | \code{x} filtered result (y 1_{|y|>t}).
| ^
Flavors: r-devel-linux-x86_64-debian-clang, r-devel-linux-x86_64-debian-gcc, r-devel-linux-x86_64-fedora-clang, r-devel-linux-x86_64-fedora-gcc, r-devel-windows-x86_64, r-patched-linux-x86_64, r-release-linux-x86_64, r-release-macos-arm64, r-release-macos-x86_64, r-release-windows-x86_64