Last updated on 2024-07-13 05:49:25 CEST.
Flavor | Version | Tinstall | Tcheck | Ttotal | Status | Flags |
---|---|---|---|---|---|---|
r-devel-linux-x86_64-debian-clang | 0.2.4 | 4.69 | 45.33 | 50.02 | OK | |
r-devel-linux-x86_64-debian-gcc | 0.2.4 | 3.26 | 34.96 | 38.22 | OK | |
r-devel-linux-x86_64-fedora-clang | 0.2.4 | 64.32 | NOTE | |||
r-devel-linux-x86_64-fedora-gcc | 0.2.4 | 73.19 | NOTE | |||
r-devel-windows-x86_64 | 0.2.4 | 6.00 | 56.00 | 62.00 | OK | |
r-patched-linux-x86_64 | 0.2.4 | 3.96 | 43.43 | 47.39 | OK | |
r-release-linux-x86_64 | 0.2.4 | 4.17 | 43.96 | 48.13 | OK | |
r-release-macos-arm64 | 0.2.4 | 26.00 | OK | |||
r-release-macos-x86_64 | 0.2.4 | 42.00 | OK | |||
r-release-windows-x86_64 | 0.2.4 | 5.00 | 57.00 | 62.00 | OK | |
r-oldrel-macos-arm64 | 0.2.4 | 32.00 | OK | |||
r-oldrel-macos-x86_64 | 0.2.4 | 45.00 | OK | |||
r-oldrel-windows-x86_64 | 0.2.4 | 6.00 | 61.00 | 67.00 | OK |
Version: 0.2.4
Check: data for non-ASCII characters
Result: NOTE
Note: found 4250 marked UTF-8 strings
Flavors: r-devel-linux-x86_64-fedora-clang, r-devel-linux-x86_64-fedora-gcc