Last updated on 2025-04-29 19:50:45 CEST.
Flavor | Version | Tinstall | Tcheck | Ttotal | Status | Flags |
---|---|---|---|---|---|---|
r-devel-linux-x86_64-debian-clang | 0.4.3 | 34.47 | 324.23 | 358.70 | NOTE | |
r-devel-linux-x86_64-debian-gcc | 0.4.3 | 21.74 | 217.53 | 239.27 | NOTE | |
r-devel-linux-x86_64-fedora-clang | 0.4.3 | 610.64 | OK | |||
r-devel-linux-x86_64-fedora-gcc | 0.4.3 | 556.38 | OK | |||
r-devel-windows-x86_64 | 0.4.3 | 28.00 | 252.00 | 280.00 | OK | |
r-patched-linux-x86_64 | 0.4.3 | 28.34 | 302.06 | 330.40 | OK | |
r-release-linux-x86_64 | 0.4.3 | 29.31 | 302.55 | 331.86 | OK | |
r-release-macos-arm64 | 0.4.3 | 142.00 | OK | |||
r-release-macos-x86_64 | 0.4.3 | 311.00 | OK | |||
r-release-windows-x86_64 | 0.4.3 | 31.00 | 253.00 | 284.00 | OK | |
r-oldrel-macos-arm64 | 0.4.3 | 127.00 | OK | |||
r-oldrel-macos-x86_64 | 0.4.3 | 286.00 | OK | |||
r-oldrel-windows-x86_64 | 0.4.3 | 39.00 | 349.00 | 388.00 | OK |
Version: 0.4.3
Check: CRAN incoming feasibility
Result: NOTE
Maintainer: ‘Jakub Nowosad <nowosad.jakub@gmail.com>’
Package CITATION file contains call(s) to old-style citEntry(). Please
use bibentry() instead.
Flavors: r-devel-linux-x86_64-debian-clang, r-devel-linux-x86_64-debian-gcc