Last updated on 2025-11-16 12:49:43 CET.
| Flavor | Version | Tinstall | Tcheck | Ttotal | Status | Flags |
|---|---|---|---|---|---|---|
| r-devel-linux-x86_64-debian-clang | 0.7.0 | 5.80 | 83.73 | 89.53 | OK | |
| r-devel-linux-x86_64-debian-gcc | 0.7.0 | 4.61 | 61.48 | 66.09 | NOTE | |
| r-devel-linux-x86_64-fedora-clang | 0.7.0 | 55.00 | 94.68 | 149.68 | OK | |
| r-devel-linux-x86_64-fedora-gcc | 0.7.0 | 50.00 | 108.10 | 158.10 | OK | |
| r-devel-windows-x86_64 | 0.7.0 | 10.00 | 95.00 | 105.00 | OK | |
| r-patched-linux-x86_64 | 0.7.0 | 6.44 | 77.86 | 84.30 | OK | |
| r-release-linux-x86_64 | 0.7.0 | 6.12 | 77.57 | 83.69 | OK | |
| r-release-macos-arm64 | 0.7.0 | 3.00 | 45.00 | 48.00 | OK | |
| r-release-macos-x86_64 | 0.7.0 | 11.00 | 88.00 | 99.00 | OK | |
| r-release-windows-x86_64 | 0.7.0 | 9.00 | 93.00 | 102.00 | OK | |
| r-oldrel-macos-arm64 | 0.7.0 | 3.00 | 49.00 | 52.00 | OK | |
| r-oldrel-macos-x86_64 | 0.7.0 | 11.00 | 93.00 | 104.00 | OK | |
| r-oldrel-windows-x86_64 | 0.7.0 | 11.00 | 118.00 | 129.00 | OK |
Version: 0.7.0
Check: CRAN incoming feasibility
Result: NOTE
Maintainer: ‘Frederic Bertrand <frederic.bertrand@lecnam.net>’
The BugReports field in DESCRIPTION has
https://github.com/fbertran/sageR/issues/
which should likely be
https://github.com/fbertran/sageR/issues/issues
instead.
Flavor: r-devel-linux-x86_64-debian-gcc