Last updated on 2025-11-16 00:48:44 CET.
| Flavor | Version | Tinstall | Tcheck | Ttotal | Status | Flags |
|---|---|---|---|---|---|---|
| r-devel-linux-x86_64-debian-clang | 4.0.0 | 153.48 | 381.29 | 534.77 | OK | |
| r-devel-linux-x86_64-debian-gcc | 4.0.0 | 114.84 | 268.84 | 383.68 | NOTE | |
| r-devel-linux-x86_64-fedora-clang | 4.0.0 | 207.00 | 670.21 | 877.21 | OK | |
| r-devel-linux-x86_64-fedora-gcc | 4.0.0 | 450.00 | 477.30 | 927.30 | OK | |
| r-devel-windows-x86_64 | 4.0.0 | 171.00 | 328.00 | 499.00 | OK | |
| r-patched-linux-x86_64 | 4.0.0 | 167.51 | 382.03 | 549.54 | OK | |
| r-release-linux-x86_64 | 4.0.0 | 161.63 | 381.89 | 543.52 | OK | |
| r-release-macos-arm64 | 4.0.0 | 60.00 | 159.00 | 219.00 | OK | |
| r-release-macos-x86_64 | 4.0.0 | 69.00 | 343.00 | 412.00 | OK | |
| r-release-windows-x86_64 | 4.0.0 | 157.00 | 329.00 | 486.00 | OK | |
| r-oldrel-macos-arm64 | 4.0.0 | 78.00 | 135.00 | 213.00 | NOTE | |
| r-oldrel-macos-x86_64 | 4.0.0 | 67.00 | 268.00 | 335.00 | NOTE | |
| r-oldrel-windows-x86_64 | 4.0.0 | 198.00 | 439.00 | 637.00 | OK |
Version: 4.0.0
Check: CRAN incoming feasibility
Result: NOTE
Maintainer: ‘Andrew Marx <ajm.rpackages@gmail.com>’
The BugReports field in DESCRIPTION has
https://github.com/andrewmarx/samc/issues/
which should likely be
https://github.com/andrewmarx/samc/issues/issues
instead.
Flavor: r-devel-linux-x86_64-debian-gcc
Version: 4.0.0
Check: installed package size
Result: NOTE
installed size is 16.6Mb
sub-directories of 1Mb or more:
libs 15.5Mb
Flavors: r-oldrel-macos-arm64, r-oldrel-macos-x86_64