Last updated on 2024-07-13 05:49:25 CEST.
Flavor | Version | Tinstall | Tcheck | Ttotal | Status | Flags |
---|---|---|---|---|---|---|
r-devel-linux-x86_64-fedora-clang | 0.2.0 | 164.14 | NOTE | |||
r-devel-linux-x86_64-fedora-gcc | 0.2.0 | 152.44 | OK | |||
r-devel-windows-x86_64 | 0.2.0 | 21.00 | 120.00 | 141.00 | OK |
Version: 0.2.0
Check: Rd cross-references
Result: NOTE
Undeclared package ‘stargazer’ in Rd xrefs
Flavor: r-devel-linux-x86_64-fedora-clang