CRAN Package Check Results for Package sansa

Last updated on 2025-04-30 19:50:15 CEST.

Flavor Version Tinstall Tcheck Ttotal Status Flags
r-devel-linux-x86_64-debian-clang 0.0.1 4.79 44.22 49.01 NOTE
r-devel-linux-x86_64-debian-gcc 0.0.1 3.46 32.56 36.02 NOTE
r-devel-linux-x86_64-fedora-clang 0.0.1 71.24 OK
r-devel-linux-x86_64-fedora-gcc 0.0.1 63.47 OK
r-devel-windows-x86_64 0.0.1 7.00 68.00 75.00 OK
r-patched-linux-x86_64 0.0.1 4.39 40.71 45.10 OK
r-release-linux-x86_64 0.0.1 4.60 40.43 45.03 OK
r-release-macos-arm64 0.0.1 24.00 OK
r-release-macos-x86_64 0.0.1 40.00 OK
r-release-windows-x86_64 0.0.1 8.00 63.00 71.00 OK
r-oldrel-macos-arm64 0.0.1 25.00 OK
r-oldrel-macos-x86_64 0.0.1 35.00 OK
r-oldrel-windows-x86_64 0.0.1 8.00 71.00 79.00 OK

Check Details

Version: 0.0.1
Check: CRAN incoming feasibility
Result: NOTE Maintainer: ‘Murtaza Nasir <mail@murtaza.cc>’ Package CITATION file contains call(s) to old-style citEntry(). Please use bibentry() instead. Flavors: r-devel-linux-x86_64-debian-clang, r-devel-linux-x86_64-debian-gcc