Last updated on 2024-06-27 16:49:15 CEST.
Flavor | Version | Tinstall | Tcheck | Ttotal | Status | Flags |
---|---|---|---|---|---|---|
r-devel-linux-x86_64-debian-clang | 0.1.4 | OK | ||||
r-devel-linux-x86_64-debian-gcc | 0.1.4 | 10.18 | 180.35 | 190.53 | OK | |
r-devel-linux-x86_64-fedora-clang | 0.1.4 | 325.27 | NOTE | |||
r-devel-linux-x86_64-fedora-gcc | 0.1.4 | 325.68 | NOTE | |||
r-devel-windows-x86_64 | 0.1.4 | 10.00 | 196.00 | 206.00 | OK | |
r-patched-linux-x86_64 | 0.1.4 | 19.14 | 230.61 | 249.75 | OK | |
r-release-linux-x86_64 | 0.1.4 | 7.07 | 232.29 | 239.36 | OK | |
r-release-macos-arm64 | 0.1.4 | 90.00 | OK | |||
r-release-macos-x86_64 | 0.1.4 | 157.00 | OK | |||
r-release-windows-x86_64 | 0.1.4 | 13.00 | 198.00 | 211.00 | OK | |
r-oldrel-macos-arm64 | 0.1.4 | 90.00 | OK | |||
r-oldrel-macos-x86_64 | 0.1.4 | 160.00 | OK | |||
r-oldrel-windows-x86_64 | 0.1.4 | 16.00 | 240.00 | 256.00 | OK |
Version: 0.1.4
Check: data for non-ASCII characters
Result: NOTE
Note: found 4 marked UTF-8 strings
Flavors: r-devel-linux-x86_64-fedora-clang, r-devel-linux-x86_64-fedora-gcc