CRAN Package Check Results for Package sbo

Last updated on 2025-04-29 13:51:39 CEST.

Flavor Version Tinstall Tcheck Ttotal Status Flags
r-devel-linux-x86_64-debian-clang 0.5.0 69.13 140.55 209.68 NOTE
r-devel-linux-x86_64-debian-gcc 0.5.0 48.73 96.53 145.26 NOTE
r-devel-linux-x86_64-fedora-clang 0.5.0 368.02 NOTE
r-devel-linux-x86_64-fedora-gcc 0.5.0 351.27 NOTE
r-devel-windows-x86_64 0.5.0 75.00 156.00 231.00 NOTE
r-patched-linux-x86_64 0.5.0 71.55 131.86 203.41 NOTE
r-release-linux-x86_64 0.5.0 69.20 132.08 201.28 NOTE
r-release-macos-arm64 0.5.0 103.00 NOTE
r-release-macos-x86_64 0.5.0 205.00 NOTE
r-release-windows-x86_64 0.5.0 84.00 156.00 240.00 NOTE
r-oldrel-macos-arm64 0.5.0 106.00 NOTE
r-oldrel-macos-x86_64 0.5.0 154.00 NOTE
r-oldrel-windows-x86_64 0.5.0 90.00 209.00 299.00 NOTE

Check Details

Version: 0.5.0
Check: CRAN incoming feasibility
Result: NOTE Maintainer: ‘Valerio Gherardi <vgherard@sissa.it>’ No Authors@R field in DESCRIPTION. Please add one, modifying Authors@R: person(given = "Valerio", family = "Gherardi", role = c("aut", "cre"), email = "vgherard@sissa.it") as necessary. Flavors: r-devel-linux-x86_64-debian-clang, r-devel-linux-x86_64-debian-gcc

Version: 0.5.0
Check: C++ specification
Result: NOTE Specified C++11: please drop specification unless essential Flavors: r-devel-linux-x86_64-debian-clang, r-devel-linux-x86_64-debian-gcc, r-devel-linux-x86_64-fedora-clang, r-devel-linux-x86_64-fedora-gcc, r-devel-windows-x86_64, r-patched-linux-x86_64, r-release-linux-x86_64, r-release-macos-arm64, r-release-macos-x86_64, r-release-windows-x86_64, r-oldrel-macos-arm64, r-oldrel-macos-x86_64, r-oldrel-windows-x86_64

Version: 0.5.0
Check: installed package size
Result: NOTE installed size is 8.7Mb sub-directories of 1Mb or more: data 4.9Mb libs 3.5Mb Flavors: r-oldrel-macos-arm64, r-oldrel-macos-x86_64, r-oldrel-windows-x86_64