Last updated on 2025-04-29 13:51:39 CEST.
Flavor | Version | Tinstall | Tcheck | Ttotal | Status | Flags |
---|---|---|---|---|---|---|
r-devel-linux-x86_64-debian-clang | 0.4.0 | 144.50 | 189.45 | 333.95 | NOTE | |
r-devel-linux-x86_64-debian-gcc | 0.4.0 | 92.63 | 130.08 | 222.71 | NOTE | |
r-devel-linux-x86_64-fedora-clang | 0.4.0 | 518.83 | OK | |||
r-devel-linux-x86_64-fedora-gcc | 0.4.0 | 504.99 | OK | |||
r-devel-windows-x86_64 | 0.4.0 | 134.00 | 168.00 | 302.00 | OK | |
r-patched-linux-x86_64 | 0.4.0 | 132.89 | 177.85 | 310.74 | OK | |
r-release-linux-x86_64 | 0.4.0 | 135.02 | 177.82 | 312.84 | OK | |
r-release-macos-arm64 | 0.4.0 | 162.00 | OK | |||
r-release-macos-x86_64 | 0.4.0 | 328.00 | OK | |||
r-release-windows-x86_64 | 0.4.0 | 130.00 | 170.00 | 300.00 | OK | |
r-oldrel-macos-arm64 | 0.4.0 | 164.00 | OK | |||
r-oldrel-macos-x86_64 | 0.4.0 | 236.00 | OK | |||
r-oldrel-windows-x86_64 | 0.4.0 | 190.00 | 213.00 | 403.00 | OK |
Version: 0.4.0
Check: examples
Result: NOTE
Examples with CPU (user + system) or elapsed time > 5s
user system elapsed
scb 0.051 0.021 7.487
simvcd 0.039 0.005 8.103
Flavor: r-devel-linux-x86_64-debian-clang
Version: 0.4.0
Check: examples
Result: NOTE
Examples with CPU (user + system) or elapsed time > 5s
user system elapsed
scb 0.041 0.009 5.478
simvcd 0.027 0.011 5.570
Flavor: r-devel-linux-x86_64-debian-gcc