Last updated on 2025-11-16 00:48:45 CET.
| Flavor | Version | Tinstall | Tcheck | Ttotal | Status | Flags |
|---|---|---|---|---|---|---|
| r-devel-linux-x86_64-debian-clang | 0.1.4 | 16.82 | 143.18 | 160.00 | NOTE | |
| r-devel-linux-x86_64-debian-gcc | 0.1.4 | 12.36 | 102.53 | 114.89 | NOTE | |
| r-devel-linux-x86_64-fedora-clang | 0.1.4 | 43.00 | 197.70 | 240.70 | OK | |
| r-devel-linux-x86_64-fedora-gcc | 0.1.4 | 50.00 | 201.07 | 251.07 | OK | |
| r-devel-windows-x86_64 | 0.1.4 | 21.00 | 163.00 | 184.00 | OK | |
| r-patched-linux-x86_64 | 0.1.4 | 17.04 | 139.09 | 156.13 | OK | |
| r-release-linux-x86_64 | 0.1.4 | 16.58 | 137.74 | 154.32 | OK | |
| r-release-macos-arm64 | 0.1.4 | 7.00 | 76.00 | 83.00 | OK | |
| r-release-macos-x86_64 | 0.1.4 | 14.00 | 135.00 | 149.00 | OK | |
| r-release-windows-x86_64 | 0.1.4 | 17.00 | 163.00 | 180.00 | OK | |
| r-oldrel-macos-arm64 | 0.1.4 | 7.00 | 77.00 | 84.00 | OK | |
| r-oldrel-macos-x86_64 | 0.1.4 | 12.00 | 114.00 | 126.00 | OK | |
| r-oldrel-windows-x86_64 | 0.1.4 | 26.00 | 211.00 | 237.00 | OK |
Version: 0.1.4
Check: CRAN incoming feasibility
Result: NOTE
Maintainer: ‘Xudong Han <hanxd1217@163.com>’
The Description field contains
Thomas N. Kipf (2017) <arXiv:1609.02907v4>) to construct the gene-cell
Please refer to arXiv e-prints via their arXiv DOI <doi:10.48550/arXiv.YYMM.NNNNN>.
Flavors: r-devel-linux-x86_64-debian-clang, r-devel-linux-x86_64-debian-gcc