CRAN Package Check Results for Package sccr

Last updated on 2025-04-29 13:51:39 CEST.

Flavor Version Tinstall Tcheck Ttotal Status Flags
r-devel-linux-x86_64-debian-clang 2.1 1.50 23.04 24.54 NOTE
r-devel-linux-x86_64-debian-gcc 2.1 1.50 18.07 19.57 NOTE
r-devel-linux-x86_64-fedora-clang 2.1 38.23 OK
r-devel-linux-x86_64-fedora-gcc 2.1 35.77 OK
r-devel-windows-x86_64 2.1 4.00 44.00 48.00 OK
r-patched-linux-x86_64 2.1 1.75 21.67 23.42 OK
r-release-linux-x86_64 2.1 1.67 21.90 23.57 OK
r-release-macos-arm64 2.1 17.00 OK
r-release-macos-x86_64 2.1 35.00 OK
r-release-windows-x86_64 2.1 3.00 44.00 47.00 OK
r-oldrel-macos-arm64 2.1 19.00 OK
r-oldrel-macos-x86_64 2.1 23.00 OK
r-oldrel-windows-x86_64 2.1 4.00 47.00 51.00 OK

Check Details

Version: 2.1
Check: CRAN incoming feasibility
Result: NOTE Maintainer: ‘Alicja Wolny-Dominiak<woali@ue.katowice.pl>’ No Authors@R field in DESCRIPTION. Please add one, modifying Authors@R: c(person(given = "Peter", family = "Adamic", role = "aut"), person(given = "Alicja", family = "Wolny-Dominiak", role = c("aut", "cre"), email = "woali@ue.katowice.pl")) as necessary. Flavors: r-devel-linux-x86_64-debian-clang, r-devel-linux-x86_64-debian-gcc

Version: 2.1
Check: examples
Result: NOTE Examples with CPU (user + system) or elapsed time > 5s user system elapsed survCompeting 4.013 0.077 5.927 Flavor: r-devel-linux-x86_64-debian-clang