Last updated on 2024-07-13 05:49:26 CEST.
Flavor | Version | Tinstall | Tcheck | Ttotal | Status | Flags |
---|---|---|---|---|---|---|
r-devel-linux-x86_64-debian-clang | 1.0.2 | 4.37 | 51.64 | 56.01 | NOTE | |
r-devel-linux-x86_64-debian-gcc | 1.0.2 | 3.69 | 37.69 | 41.38 | NOTE | |
r-devel-linux-x86_64-fedora-clang | 1.0.2 | 65.52 | NOTE | |||
r-devel-linux-x86_64-fedora-gcc | 1.0.2 | 68.26 | NOTE | |||
r-devel-windows-x86_64 | 1.0.2 | 6.00 | 63.00 | 69.00 | NOTE | |
r-patched-linux-x86_64 | 1.0.2 | 4.98 | 46.20 | 51.18 | NOTE | |
r-release-linux-x86_64 | 1.0.2 | 4.07 | 45.75 | 49.82 | NOTE | |
r-release-macos-arm64 | 1.0.2 | 20.00 | NOTE | |||
r-release-macos-x86_64 | 1.0.2 | 51.00 | NOTE | |||
r-release-windows-x86_64 | 1.0.2 | 6.00 | 63.00 | 69.00 | NOTE | |
r-oldrel-macos-arm64 | 1.0.2 | 25.00 | NOTE | |||
r-oldrel-macos-x86_64 | 1.0.2 | 35.00 | NOTE | |||
r-oldrel-windows-x86_64 | 1.0.2 | 5.00 | 72.00 | 77.00 | NOTE |
Version: 1.0.2
Check: Rd files
Result: NOTE
checkRd: (-1) scdensity.Rd:119-120: Lost braces in \itemize; meant \describe ?
checkRd: (-1) scdensity.Rd:121-123: Lost braces in \itemize; meant \describe ?
checkRd: (-1) scdensity.Rd:124-126: Lost braces in \itemize; meant \describe ?
checkRd: (-1) scdensity.Rd:127-130: Lost braces in \itemize; meant \describe ?
checkRd: (-1) scdensity.Rd:131-135: Lost braces in \itemize; meant \describe ?
checkRd: (-1) scdensity.Rd:136-138: Lost braces in \itemize; meant \describe ?
checkRd: (-1) scdensity.Rd:139-142: Lost braces in \itemize; meant \describe ?
checkRd: (-1) scdensity.Rd:143-144: Lost braces in \itemize; meant \describe ?
checkRd: (-1) scdensity.Rd:145-147: Lost braces in \itemize; meant \describe ?
Flavors: r-devel-linux-x86_64-debian-clang, r-devel-linux-x86_64-debian-gcc, r-devel-linux-x86_64-fedora-clang, r-devel-linux-x86_64-fedora-gcc, r-devel-windows-x86_64, r-patched-linux-x86_64, r-release-linux-x86_64, r-release-macos-arm64, r-release-macos-x86_64, r-release-windows-x86_64
Version: 1.0.2
Check: LazyData
Result: NOTE
'LazyData' is specified without a 'data' directory
Flavors: r-devel-linux-x86_64-debian-clang, r-devel-linux-x86_64-debian-gcc, r-devel-linux-x86_64-fedora-clang, r-devel-linux-x86_64-fedora-gcc, r-devel-windows-x86_64, r-patched-linux-x86_64, r-release-linux-x86_64, r-release-macos-arm64, r-release-macos-x86_64, r-release-windows-x86_64, r-oldrel-macos-arm64, r-oldrel-macos-x86_64, r-oldrel-windows-x86_64