CRAN Package Check Results for Package sciRmdTheme

Last updated on 2025-11-16 00:48:45 CET.

Flavor Version Tinstall Tcheck Ttotal Status Flags
r-devel-linux-x86_64-debian-clang 0.1 1.51 22.42 23.93 NOTE
r-devel-linux-x86_64-debian-gcc 0.1 1.31 18.64 19.95 NOTE
r-devel-linux-x86_64-fedora-clang 0.1 37.36 OK
r-devel-linux-x86_64-fedora-gcc 0.1 50.15 OK
r-devel-windows-x86_64 0.1 5.00 41.00 46.00 OK
r-patched-linux-x86_64 0.1 1.50 21.69 23.19 OK
r-release-linux-x86_64 0.1 1.65 21.10 22.75 OK
r-release-macos-arm64 0.1 1.00 46.00 47.00 OK
r-release-macos-x86_64 0.1 1.00 37.00 38.00 OK
r-release-windows-x86_64 0.1 4.00 40.00 44.00 OK
r-oldrel-macos-arm64 0.1 1.00 21.00 22.00 OK
r-oldrel-macos-x86_64 0.1 1.00 32.00 33.00 OK
r-oldrel-windows-x86_64 0.1 3.00 45.00 48.00 OK

Check Details

Version: 0.1
Check: CRAN incoming feasibility
Result: NOTE Maintainer: ‘Obinna Obianom <idonshayo@gmail.com>’ No Authors@R field in DESCRIPTION. Please add one, modifying Authors@R: person(given = "Obinna", family = "Obianom", role = c("aut", "cre"), email = "idonshayo@gmail.com") as necessary. The BugReports field in DESCRIPTION has https://github.com/oobianom/sciRmdTheme which should likely be https://github.com/oobianom/sciRmdTheme/issues instead. Flavors: r-devel-linux-x86_64-debian-clang, r-devel-linux-x86_64-debian-gcc