Last updated on 2025-04-29 13:51:39 CEST.
Flavor | Version | Tinstall | Tcheck | Ttotal | Status | Flags |
---|---|---|---|---|---|---|
r-devel-linux-x86_64-debian-clang | 1.0.0 | 2.13 | 19.13 | 21.26 | NOTE | |
r-devel-linux-x86_64-debian-gcc | 1.0.0 | 1.50 | 15.86 | 17.36 | NOTE | |
r-devel-linux-x86_64-fedora-clang | 1.0.0 | 32.02 | OK | |||
r-devel-linux-x86_64-fedora-gcc | 1.0.0 | 29.96 | OK | |||
r-devel-windows-x86_64 | 1.0.0 | 3.00 | 39.00 | 42.00 | OK | |
r-patched-linux-x86_64 | 1.0.0 | 2.23 | 17.55 | 19.78 | OK | |
r-release-linux-x86_64 | 1.0.0 | 1.94 | 17.41 | 19.35 | OK | |
r-release-macos-arm64 | 1.0.0 | 16.00 | OK | |||
r-release-macos-x86_64 | 1.0.0 | 23.00 | OK | |||
r-release-windows-x86_64 | 1.0.0 | 3.00 | 41.00 | 44.00 | OK | |
r-oldrel-macos-arm64 | 1.0.0 | 14.00 | OK | |||
r-oldrel-macos-x86_64 | 1.0.0 | 20.00 | OK | |||
r-oldrel-windows-x86_64 | 1.0.0 | 3.00 | 38.00 | 41.00 | OK |
Version: 1.0.0
Check: CRAN incoming feasibility
Result: NOTE
Maintainer: ‘Nathan Taback <nathan.taback@utoronto.ca>’
No Authors@R field in DESCRIPTION.
Please add one, modifying
Authors@R: person(given = "Nathan",
family = "Taback",
role = c("aut", "cre"),
email = "nathan.taback@utoronto.ca")
as necessary.
Flavors: r-devel-linux-x86_64-debian-clang, r-devel-linux-x86_64-debian-gcc